{"id":423,"date":"2025-04-14T13:39:23","date_gmt":"2025-04-14T13:39:23","guid":{"rendered":"https:\/\/pruebas.portofinocaribe.com\/?page_id=423"},"modified":"2025-10-08T16:34:33","modified_gmt":"2025-10-08T21:34:33","slug":"hotel-portofino-caribe","status":"publish","type":"page","link":"https:\/\/portofinocaribe.com\/index.php\/hotel-portofino-caribe\/","title":{"rendered":"Hotel Portofino Caribe"},"content":{"rendered":"<div class=\"wpb-content-wrapper\"><p>[vc_row content_placement=\u00bbmiddle\u00bb css=\u00bb.vc_custom_1747775273178{margin-bottom: 30px !important;}\u00bb][vc_column width=\u00bb1\/2&#8243;][vc_column_text css=\u00bb\u00bb]<strong>Tu puerta al para\u00edso en San Andr\u00e9s Islas<\/strong><\/p>\n<p>Ubicado en el coraz\u00f3n vibrante de San Andr\u00e9s Islas, el Hotel Portofino te ofrece una experiencia de alojamiento c\u00f3moda, pr\u00e1ctica y privilegiada, a solo pasos del mar Caribe. Nuestra excelente ubicaci\u00f3n sobre la Avenida Providencia te sit\u00faa a tan solo metros de la ic\u00f3nica playa Spratt Bight, as\u00ed como de la animada zona rosa, donde se concentra lo mejor del comercio, la gastronom\u00eda y el entretenimiento de la isla.<\/p>\n<p>Con 82 habitaciones pensadas para el descanso, cada espacio en Portofino est\u00e1 equipado para brindarte el confort que necesitas despu\u00e9s de un d\u00eda de sol, compras o aventura. Ya sea que nos visites por vacaciones en familia, una escapada en pareja o por trabajo, aqu\u00ed encontrar\u00e1s un ambiente acogedor y funcional.[\/vc_column_text][\/vc_column][vc_column width=\u00bb1\/2&#8243;]\n\t\t\t\t<p class=\"rs-p-wp-fix\"><\/p>\n\t\t\t\t<sr7-module data-alias=\"galeria-de-videos-gestion-turistica-1\" data-id=\"13\" id=\"SR7_13_1\" class=\"rs-ov-hidden\" data-version=\"6.7.29\">\n\t\t\t\t\t<sr7-adjuster><\/sr7-adjuster>\n\t\t\t\t\t<sr7-content>\n\t\t\t\t\t\t<sr7-slide id=\"SR7_13_1-32\" data-key=\"32\">\n\t\t\t\t\t\t<\/sr7-slide>\n\t\t\t\t\t\t<sr7-slide id=\"SR7_13_1-33\" data-key=\"33\">\n\t\t\t\t\t\t<\/sr7-slide>\n\t\t\t\t\t\t<sr7-slide id=\"SR7_13_1-34\" data-key=\"34\">\n\t\t\t\t\t\t<\/sr7-slide>\n\t\t\t\t\t\t<sr7-slide id=\"SR7_13_1-35\" data-key=\"35\">\n\t\t\t\t\t\t<\/sr7-slide>\n\t\t\t\t\t\t<sr7-slide id=\"SR7_13_1-40\" data-key=\"40\">\n\t\t\t\t\t\t<\/sr7-slide>\n\t\t\t\t\t<\/sr7-content>\n\t\t\t\t<\/sr7-module>\n\t\t\t\t<script>\n\t\t\t\t\tSR7.PMH ??={}; SR7.PMH[\"SR7_13_1\"] = {cn:100,state:false,fn: function() { if (_tpt!==undefined && _tpt.prepareModuleHeight !== undefined) {  _tpt.prepareModuleHeight({id:\"SR7_13_1\",el:[500,500,768,960,720],type:'standard',shdw:'0',gh:[500,500,500,500,480],gw:[500,500,500,500,480],vpt:['-100px'],size:{fullWidth:false, fullHeight:false},mh:'0',onh:0,onw:0,bg:{color:'{\"orig\":\"transparent\",\"type\":\"solid\",\"string\":\"transparent\"}'}});   SR7.PMH[\"SR7_13_1\"].state=true;} else if(SR7.PMH[\"SR7_13_1\"].cn-->0)\tsetTimeout( SR7.PMH[\"SR7_13_1\"].fn,19);}};SR7.PMH[\"SR7_13_1\" ].fn();\n\t\t\t\t<\/script>\n[\/vc_column][\/vc_row][vc_row content_placement=\u00bbmiddle\u00bb css=\u00bb.vc_custom_1747775331411{margin-bottom: 60px !important;padding-bottom: 60px !important;}\u00bb][vc_column width=\u00bb1\/2&#8243;][vc_column_text css=\u00bb\u00bb]<style id=\"wp_carousel_dynamic_css1878\">#sp-wp-carousel-free-id-1878 .wpcp-swiper-dots {margin: 40px 0px 0px 0px;}.wpcp-wrapper-1878 .swiper-wrapper .swiper-slide-kenburn, .wpcp-wrapper-1878 .swiper-wrapper, .wpcp-wrapper-1878 .wpcpro-row{align-items: center;}#sp-wp-carousel-free-id-1878 .wpcp-single-item {box-shadow: 0px 0px 0px 0px #dddddd;transition: all .3s;margin: 0px;}#sp-wp-carousel-free-id-1878.swiper-flip .wpcp-single-item{margin: 0!important;}#sp-wp-carousel-free-id-1878 .wpcp-single-item:hover {box-shadow: 0px 0px 0px 0px #dddddd;}#sp-wp-carousel-free-id-1878.sp-wpcp-1878 .wpcp-single-item {border: 1px solid #dddddd;}#sp-wp-carousel-free-id-1878.sp-wpcp-1878 .swiper-button-prev,#sp-wp-carousel-free-id-1878.sp-wpcp-1878 .swiper-button-next,#sp-wp-carousel-free-id-1878.sp-wpcp-1878 .swiper-button-prev:hover,#sp-wp-carousel-free-id-1878.sp-wpcp-1878 .swiper-button-next:hover {background: none;border: none;font-size: 30px;}#sp-wp-carousel-free-id-1878.sp-wpcp-1878 .swiper-button-prev i,#sp-wp-carousel-free-id-1878.sp-wpcp-1878 .swiper-button-next i {color: #aaa;}#sp-wp-carousel-free-id-1878.sp-wpcp-1878 .swiper-button-prev i:hover,#sp-wp-carousel-free-id-1878.sp-wpcp-1878 .swiper-button-next i:hover {color: #178087;} #sp-wp-carousel-free-id-1878.sp-wpcp-1878.wpcp-image-carousel .wpcp-single-item:hover img, #sp-wp-carousel-free-id-1878.sp-wpcp-1878.wpcp-post-carousel .wpcp-single-item:hover img, #sp-wp-carousel-free-id-1878.sp-wpcp-1878.wpcp-product-carousel .wpcp-single-item:hover img{-webkit-transform: scale(1.2);-moz-transform: scale(1.2);transform: scale(1.2);}#sp-wp-carousel-free-id-1878 .wpcpro-row>[class*=\"wpcpro-col-\"] { padding: 0 10px; padding-bottom: 20px;} #sp-wp-carousel-free-id-1878 .swiper-slide .single-item-fade:not(:last-child) { margin-right: 20px;}@media (min-width: 480px) { .wpcpro-row .wpcpro-col-sm-1 { flex: 0 0 100%; max-width: 100%; } .wpcpro-row .wpcpro-col-sm-2 { flex: 0 0 50%; max-width: 50%; } .wpcpro-row .wpcpro-col-sm-2-5 { flex: 0 0 75%; max-width: 75%; } .wpcpro-row .wpcpro-col-sm-3 { flex: 0 0 33.333%; max-width: 33.333%; } .wpcpro-row .wpcpro-col-sm-4 { flex: 0 0 25%; max-width: 25%; } .wpcpro-row .wpcpro-col-sm-5 { flex: 0 0 20%; max-width: 20%; } .wpcpro-row .wpcpro-col-sm-6 { flex: 0 0 16.66666666666667%; max-width: 16.66666666666667%; } .wpcpro-row .wpcpro-col-sm-7 { flex: 0 0 14.28571428%; max-width: 14.28571428%; } .wpcpro-row .wpcpro-col-sm-8 { flex: 0 0 12.5%; max-width: 12.5%; } } @media (max-width: 480px) { .wpcpro-row .wpcpro-col-xs-1 { flex: 0 0 100%; max-width: 100%; } .wpcpro-row .wpcpro-col-xs-2 { flex: 0 0 50%; max-width: 50%; } .wpcpro-row .wpcpro-col-xs-3 { flex: 0 0 33.222%; max-width: 33.222%; } .wpcpro-row .wpcpro-col-xs-4 { flex: 0 0 25%; max-width: 25%; } .wpcpro-row .wpcpro-col-xs-5 { flex: 0 0 20%; max-width: 20%; } .wpcpro-row .wpcpro-col-xs-6 { flex: 0 0 16.6667%; max-width: 16.6667%; } .wpcpro-row .wpcpro-col-xs-7 { flex: 0 0 14.28571428%; max-width: 14.28571428%; } .wpcpro-row .wpcpro-col-xs-8 { flex: 0 0 12.5%; max-width: 12.5%; } } @media (min-width: 736px) { .wpcpro-row .wpcpro-col-md-1 { flex: 0 0 100%; max-width: 100%; } .wpcpro-row .wpcpro-col-md-2 { flex: 0 0 50%; max-width: 50%; } .wpcpro-row .wpcpro-col-md-2-5 { flex: 0 0 75%; max-width: 75%; } .wpcpro-row .wpcpro-col-md-3 { flex: 0 0 33.333%; max-width: 33.333%; } .wpcpro-row .wpcpro-col-md-4 { flex: 0 0 25%; max-width: 25%; } .wpcpro-row .wpcpro-col-md-5 { flex: 0 0 20%; max-width: 20%; } .wpcpro-row .wpcpro-col-md-6 { flex: 0 0 16.66666666666667%; max-width: 16.66666666666667%; } .wpcpro-row .wpcpro-col-md-7 { flex: 0 0 14.28571428%; max-width: 14.28571428%; } .wpcpro-row .wpcpro-col-md-8 { flex: 0 0 12.5%; max-width: 12.5%; } } @media (min-width: 980px) { .wpcpro-row .wpcpro-col-lg-1 { flex: 0 0 100%; max-width: 100%; } .wpcpro-row .wpcpro-col-lg-2 { flex: 0 0 50%; max-width: 50%; } .wpcpro-row .wpcpro-col-lg-3 { flex: 0 0 33.222%; max-width: 33.222%; } .wpcpro-row .wpcpro-col-lg-4 { flex: 0 0 25%; max-width: 25%; } .wpcpro-row .wpcpro-col-lg-5 { flex: 0 0 20%; max-width: 20%; } .wpcpro-row .wpcpro-col-lg-6 { flex: 0 0 16.6667%; max-width: 16.6667%; } .wpcpro-row .wpcpro-col-lg-7 { flex: 0 0 14.28571428%; max-width: 14.28571428%; } .wpcpro-row .wpcpro-col-lg-8 { flex: 0 0 12.5%; max-width: 12.5%; } } @media (min-width: 1200px) { .wpcpro-row .wpcpro-col-xl-1 { flex: 0 0 100%; max-width: 100%; } .wpcpro-row .wpcpro-col-xl-2 { flex: 0 0 50%; max-width: 50%; } .wpcpro-row .wpcpro-col-xl-3 { flex: 0 0 33.22222222%; max-width: 33.22222222%; } .wpcpro-row .wpcpro-col-xl-4 { flex: 0 0 25%; max-width: 25%; } .wpcpro-row .wpcpro-col-xl-5 { flex: 0 0 20%; max-width: 20%; } .wpcpro-row .wpcpro-col-xl-6 { flex: 0 0 16.66667%; max-width: 16.66667%; } .wpcpro-row .wpcpro-col-xl-7 { flex: 0 0 14.28571428%; max-width: 14.28571428%; } .wpcpro-row .wpcpro-col-xl-8 { flex: 0 0 12.5%; max-width: 12.5%; } }<\/style><div class=\"wpcp-carousel-wrapper wpcp-wrapper-1878\">\n\t<div id=\"wpcp-preloader-1878\" class=\"wpcp-carousel-preloader\"><img decoding=\"async\" src=\"https:\/\/portofinocaribe.com\/wp-content\/plugins\/wp-carousel-free\/public\/css\/spinner.svg\" alt=\"Preloader Image\" \/><\/div>\t<div class=\"wpcp-carousel-content-wrapper\">\n\t<div id=\"sp-wp-carousel-free-id-1878\" class=\"wpcp-carousel-section sp-wpcp-1878  nav-vertical-center wpcp-image-carousel wpcp-preloader wpcp-standard wpcp-center\" data-swiper='{ &quot;accessibility&quot;:true, &quot;spaceBetween&quot;:20, &quot;arrows&quot;:true, &quot;freeMode&quot;: false, &quot;autoplay&quot;:true, &quot;effect&quot;: &quot;slide&quot;, &quot;centerMode&quot;: true, &quot;autoplaySpeed&quot;:3000, &quot;dots&quot;:false, &quot;infinite&quot;:true, &quot;speed&quot;:600, &quot;pauseOnHover&quot;:true,\n\t\t\t&quot;slidesToShow&quot;:{&quot;lg_desktop&quot;:3, &quot;desktop&quot;: 4, &quot;laptop&quot;: 3, &quot;tablet&quot;: 2, &quot;mobile&quot;: 1}, &quot;responsive&quot;:{&quot;desktop&quot;:1200, &quot;laptop&quot;: 980, &quot;tablet&quot;: 736, &quot;mobile&quot;: 480}, &quot;rtl&quot;:false, &quot;lazyLoad&quot;: &quot;false&quot;, &quot;swipe&quot;: true, &quot;draggable&quot;: true, &quot;swipeToSlide&quot;:false }' dir=\"ltr\">\n\t\t<div class=\"swiper-wrapper\">\n\t\t<div class=\"swiper-slide\">\n\t<div class=\"wpcp-single-item\">\n\t\t\t<a class=\"wcp-light-box\" data-buttons='[\"close\"]' data-wpc_url='https:\/\/portofinocaribe.com\/wp-content\/uploads\/2025\/11\/HOTEL.webp' href=\"https:\/\/portofinocaribe.com\/wp-content\/uploads\/2025\/11\/HOTEL.webp\" data-fancybox=\"wpcp_view\">\n\t\t<figure>\n\t\t\t<img loading=\"lazy\" decoding=\"async\" class=\"skip-lazy\" src=\"https:\/\/portofinocaribe.com\/wp-content\/uploads\/2025\/11\/HOTEL.webp\" alt=\"HOTEL PORTOFINO CARIBE\" width=\"960\" height=\"1280\">\t\t<\/figure>\n\t<\/a>\n\t\t<\/div>\n<\/div>\n\t<div class=\"swiper-slide\">\n\t<div class=\"wpcp-single-item\">\n\t\t\t<a class=\"wcp-light-box\" data-buttons='[\"close\"]' data-wpc_url='https:\/\/portofinocaribe.com\/wp-content\/uploads\/2025\/05\/Diseno-sin-titulo-59.webp' href=\"https:\/\/portofinocaribe.com\/wp-content\/uploads\/2025\/05\/Diseno-sin-titulo-59.webp\" data-fancybox=\"wpcp_view\">\n\t\t<figure>\n\t\t\t<img loading=\"lazy\" decoding=\"async\" class=\"skip-lazy\" src=\"https:\/\/portofinocaribe.com\/wp-content\/uploads\/2025\/05\/Diseno-sin-titulo-59.webp\" alt=\"HOTEL PORTOFINO CARIBE\" width=\"1536\" height=\"2048\">\t\t<\/figure>\n\t<\/a>\n\t\t<\/div>\n<\/div>\n\t<div class=\"swiper-slide\">\n\t<div class=\"wpcp-single-item\">\n\t\t\t<a class=\"wcp-light-box\" data-buttons='[\"close\"]' data-wpc_url='https:\/\/portofinocaribe.com\/wp-content\/uploads\/2025\/11\/ESPACIOS.webp' href=\"https:\/\/portofinocaribe.com\/wp-content\/uploads\/2025\/11\/ESPACIOS.webp\" data-fancybox=\"wpcp_view\">\n\t\t<figure>\n\t\t\t<img loading=\"lazy\" decoding=\"async\" class=\"skip-lazy\" src=\"https:\/\/portofinocaribe.com\/wp-content\/uploads\/2025\/11\/ESPACIOS.webp\" alt=\"ESPACIOS HOTEL PORTOFINO CARIBE\" width=\"960\" height=\"1280\">\t\t<\/figure>\n\t<\/a>\n\t\t<\/div>\n<\/div>\n\t<div class=\"swiper-slide\">\n\t<div class=\"wpcp-single-item\">\n\t\t\t<a class=\"wcp-light-box\" data-buttons='[\"close\"]' data-wpc_url='https:\/\/portofinocaribe.com\/wp-content\/uploads\/2025\/11\/RECEPCION.webp' href=\"https:\/\/portofinocaribe.com\/wp-content\/uploads\/2025\/11\/RECEPCION.webp\" data-fancybox=\"wpcp_view\">\n\t\t<figure>\n\t\t\t<img loading=\"lazy\" decoding=\"async\" class=\"skip-lazy\" src=\"https:\/\/portofinocaribe.com\/wp-content\/uploads\/2025\/11\/RECEPCION.webp\" alt=\"RECEPCI\u00d3N HOTEL PORTOFINO CARIBE\" width=\"960\" height=\"1280\">\t\t<\/figure>\n\t<\/a>\n\t\t<\/div>\n<\/div>\n\t<div class=\"swiper-slide\">\n\t<div class=\"wpcp-single-item\">\n\t\t\t<a class=\"wcp-light-box\" data-buttons='[\"close\"]' data-wpc_url='https:\/\/portofinocaribe.com\/wp-content\/uploads\/2025\/05\/Diseno-sin-titulo-54.webp' href=\"https:\/\/portofinocaribe.com\/wp-content\/uploads\/2025\/05\/Diseno-sin-titulo-54.webp\" data-fancybox=\"wpcp_view\">\n\t\t<figure>\n\t\t\t<img loading=\"lazy\" decoding=\"async\" class=\"skip-lazy\" src=\"https:\/\/portofinocaribe.com\/wp-content\/uploads\/2025\/05\/Diseno-sin-titulo-54.webp\" alt=\"HOTEL PORTOFINO CARIBE\" width=\"1536\" height=\"2048\">\t\t<\/figure>\n\t<\/a>\n\t\t<\/div>\n<\/div>\n\t<div class=\"swiper-slide\">\n\t<div class=\"wpcp-single-item\">\n\t\t\t<a class=\"wcp-light-box\" data-buttons='[\"close\"]' data-wpc_url='https:\/\/portofinocaribe.com\/wp-content\/uploads\/2025\/05\/Diseno-sin-titulo-55.webp' href=\"https:\/\/portofinocaribe.com\/wp-content\/uploads\/2025\/05\/Diseno-sin-titulo-55.webp\" data-fancybox=\"wpcp_view\">\n\t\t<figure>\n\t\t\t<img loading=\"lazy\" decoding=\"async\" class=\"skip-lazy\" src=\"https:\/\/portofinocaribe.com\/wp-content\/uploads\/2025\/05\/Diseno-sin-titulo-55.webp\" alt=\"HOTEL PORTOFINO CARIBE\" width=\"1536\" height=\"2048\">\t\t<\/figure>\n\t<\/a>\n\t\t<\/div>\n<\/div>\n\t<div class=\"swiper-slide\">\n\t<div class=\"wpcp-single-item\">\n\t\t\t<a class=\"wcp-light-box\" data-buttons='[\"close\"]' data-wpc_url='https:\/\/portofinocaribe.com\/wp-content\/uploads\/2025\/05\/Diseno-sin-titulo-57.webp' href=\"https:\/\/portofinocaribe.com\/wp-content\/uploads\/2025\/05\/Diseno-sin-titulo-57.webp\" data-fancybox=\"wpcp_view\">\n\t\t<figure>\n\t\t\t<img loading=\"lazy\" decoding=\"async\" class=\"skip-lazy\" src=\"https:\/\/portofinocaribe.com\/wp-content\/uploads\/2025\/05\/Diseno-sin-titulo-57.webp\" alt=\"HOTEL PORTOFINO CARIBE\" width=\"1536\" height=\"2048\">\t\t<\/figure>\n\t<\/a>\n\t\t<\/div>\n<\/div>\n\t<div class=\"swiper-slide\">\n\t<div class=\"wpcp-single-item\">\n\t\t\t<a class=\"wcp-light-box\" data-buttons='[\"close\"]' data-wpc_url='https:\/\/portofinocaribe.com\/wp-content\/uploads\/2025\/05\/Diseno-sin-titulo-61.webp' href=\"https:\/\/portofinocaribe.com\/wp-content\/uploads\/2025\/05\/Diseno-sin-titulo-61.webp\" data-fancybox=\"wpcp_view\">\n\t\t<figure>\n\t\t\t<img loading=\"lazy\" decoding=\"async\" class=\"skip-lazy\" src=\"https:\/\/portofinocaribe.com\/wp-content\/uploads\/2025\/05\/Diseno-sin-titulo-61.webp\" alt=\"HOTEL PORTOFINO CARIBE\" width=\"1536\" height=\"2048\">\t\t<\/figure>\n\t<\/a>\n\t\t<\/div>\n<\/div>\n\t<div class=\"swiper-slide\">\n\t<div class=\"wpcp-single-item\">\n\t\t\t<a class=\"wcp-light-box\" data-buttons='[\"close\"]' data-wpc_url='https:\/\/portofinocaribe.com\/wp-content\/uploads\/2025\/05\/Diseno-sin-titulo-53.webp' href=\"https:\/\/portofinocaribe.com\/wp-content\/uploads\/2025\/05\/Diseno-sin-titulo-53.webp\" data-fancybox=\"wpcp_view\">\n\t\t<figure>\n\t\t\t<img loading=\"lazy\" decoding=\"async\" class=\"skip-lazy\" src=\"https:\/\/portofinocaribe.com\/wp-content\/uploads\/2025\/05\/Diseno-sin-titulo-53.webp\" alt=\"COMIDA EN HOTEL PORTOFINO CARIBE\" width=\"1536\" height=\"2048\">\t\t<\/figure>\n\t<\/a>\n\t\t<\/div>\n<\/div>\n\t<div class=\"swiper-slide\">\n\t<div class=\"wpcp-single-item\">\n\t\t\t<a class=\"wcp-light-box\" data-buttons='[\"close\"]' data-wpc_url='https:\/\/portofinocaribe.com\/wp-content\/uploads\/2025\/05\/Diseno-sin-titulo-52.webp' href=\"https:\/\/portofinocaribe.com\/wp-content\/uploads\/2025\/05\/Diseno-sin-titulo-52.webp\" data-fancybox=\"wpcp_view\">\n\t\t<figure>\n\t\t\t<img loading=\"lazy\" decoding=\"async\" class=\"skip-lazy\" src=\"https:\/\/portofinocaribe.com\/wp-content\/uploads\/2025\/05\/Diseno-sin-titulo-52.webp\" alt=\"HOTEL PORTOFINO CARIBE\" width=\"1536\" height=\"2048\">\t\t<\/figure>\n\t<\/a>\n\t\t<\/div>\n<\/div>\n\t<div class=\"swiper-slide\">\n\t<div class=\"wpcp-single-item\">\n\t\t\t<a class=\"wcp-light-box\" data-buttons='[\"close\"]' data-wpc_url='https:\/\/portofinocaribe.com\/wp-content\/uploads\/2025\/05\/Diseno-sin-titulo-51.webp' href=\"https:\/\/portofinocaribe.com\/wp-content\/uploads\/2025\/05\/Diseno-sin-titulo-51.webp\" data-fancybox=\"wpcp_view\">\n\t\t<figure>\n\t\t\t<img loading=\"lazy\" decoding=\"async\" class=\"skip-lazy\" src=\"https:\/\/portofinocaribe.com\/wp-content\/uploads\/2025\/05\/Diseno-sin-titulo-51.webp\" alt=\"DESAYUNO EN HOTEL PORTOFINO CARIBE\" width=\"1536\" height=\"2048\">\t\t<\/figure>\n\t<\/a>\n\t\t<\/div>\n<\/div>\n\t<div class=\"swiper-slide\">\n\t<div class=\"wpcp-single-item\">\n\t\t\t<a class=\"wcp-light-box\" data-buttons='[\"close\"]' data-wpc_url='https:\/\/portofinocaribe.com\/wp-content\/uploads\/2025\/05\/Diseno-sin-titulo-60.webp' href=\"https:\/\/portofinocaribe.com\/wp-content\/uploads\/2025\/05\/Diseno-sin-titulo-60.webp\" data-fancybox=\"wpcp_view\">\n\t\t<figure>\n\t\t\t<img loading=\"lazy\" decoding=\"async\" class=\"skip-lazy\" src=\"https:\/\/portofinocaribe.com\/wp-content\/uploads\/2025\/05\/Diseno-sin-titulo-60.webp\" alt=\"HOTEL PORTOFINO CARIBE\" width=\"1536\" height=\"2048\">\t\t<\/figure>\n\t<\/a>\n\t\t<\/div>\n<\/div>\n\t<div class=\"swiper-slide\">\n\t<div class=\"wpcp-single-item\">\n\t\t\t<a class=\"wcp-light-box\" data-buttons='[\"close\"]' data-wpc_url='https:\/\/portofinocaribe.com\/wp-content\/uploads\/2025\/05\/Diseno-sin-titulo-56.webp' href=\"https:\/\/portofinocaribe.com\/wp-content\/uploads\/2025\/05\/Diseno-sin-titulo-56.webp\" data-fancybox=\"wpcp_view\">\n\t\t<figure>\n\t\t\t<img loading=\"lazy\" decoding=\"async\" class=\"skip-lazy\" src=\"https:\/\/portofinocaribe.com\/wp-content\/uploads\/2025\/05\/Diseno-sin-titulo-56.webp\" alt=\"HOTEL PORTOFINO CARIBE\" width=\"1536\" height=\"2048\">\t\t<\/figure>\n\t<\/a>\n\t\t<\/div>\n<\/div>\n\t\t\t<\/div>\n\t\t\t\t<!-- If we need navigation buttons -->\n\t\t\t\t\t<div class=\"wpcp-prev-button swiper-button-prev\"><i class=\"fa fa-angle-left\"><\/i><\/div>\n\t\t\t<div class=\"wpcp-next-button swiper-button-next\"><i class=\"fa fa-angle-right\"><\/i><\/div>\n\t\t\t<\/div>\n\t<\/div>\n<\/div>\n[\/vc_column_text][\/vc_column][vc_column width=\u00bb1\/2&#8243;][vc_column_text css=\u00bb\u00bb]Para la buena mesa, en nuestro restaurante contamos con variedad gastron\u00f3mica, en el cual podr\u00e1s deleitar tu paladar con los platos m\u00e1s exquisitos del caribe colombiano.<\/p>\n<p>Adem\u00e1s ofrecemos recepci\u00f3n 24 horas, Wi-Fi gratuito en \u00e1reas comunes y servicio de limpieza diario, porque tu tranquilidad y comodidad son nuestra prioridad. En el Hotel Portofino, no solo te alojas: te conectas con el alma isle\u00f1a de San Andr\u00e9s. \u00a1No esperes m\u00e1s y reserva con nosotros![\/vc_column_text][\/vc_column][\/vc_row]<\/p>\n<\/div>","protected":false},"excerpt":{"rendered":"<p>[vc_row content_placement=\u00bbmiddle\u00bb css=\u00bb.vc_custom_1747775273178{margin-bottom: 30px !important;}\u00bb][vc_column width=\u00bb1\/2&#8243;][vc_column_text css=\u00bb\u00bb]Tu puerta al para\u00edso en San Andr\u00e9s Islas Ubicado en el coraz\u00f3n vibrante de San Andr\u00e9s Islas, el Hotel Portofino te ofrece una experiencia de alojamiento c\u00f3moda, pr\u00e1ctica y privilegiada, a solo pasos del mar Caribe. Nuestra excelente ubicaci\u00f3n sobre la Avenida Providencia te sit\u00faa a tan solo metros<\/p>\n<div class=\"padding-top text-center\"><a href=\"https:\/\/portofinocaribe.com\/index.php\/hotel-portofino-caribe\/\" class=\"atbtn atbtn--medium atbtn--rounded atbtn--transparent\">Read more<i class=\"atbtn__icon atbtn__icon--right fa fa-long-arrow-right\"><\/i><\/a><\/div>\n","protected":false},"author":1,"featured_media":0,"parent":0,"menu_order":0,"comment_status":"closed","ping_status":"closed","template":"","meta":{"footnotes":""},"class_list":["post-423","page","type-page","status-publish","hentry"],"_links":{"self":[{"href":"https:\/\/portofinocaribe.com\/index.php\/wp-json\/wp\/v2\/pages\/423","targetHints":{"allow":["GET"]}}],"collection":[{"href":"https:\/\/portofinocaribe.com\/index.php\/wp-json\/wp\/v2\/pages"}],"about":[{"href":"https:\/\/portofinocaribe.com\/index.php\/wp-json\/wp\/v2\/types\/page"}],"author":[{"embeddable":true,"href":"https:\/\/portofinocaribe.com\/index.php\/wp-json\/wp\/v2\/users\/1"}],"replies":[{"embeddable":true,"href":"https:\/\/portofinocaribe.com\/index.php\/wp-json\/wp\/v2\/comments?post=423"}],"version-history":[{"count":19,"href":"https:\/\/portofinocaribe.com\/index.php\/wp-json\/wp\/v2\/pages\/423\/revisions"}],"predecessor-version":[{"id":7810,"href":"https:\/\/portofinocaribe.com\/index.php\/wp-json\/wp\/v2\/pages\/423\/revisions\/7810"}],"wp:attachment":[{"href":"https:\/\/portofinocaribe.com\/index.php\/wp-json\/wp\/v2\/media?parent=423"}],"curies":[{"name":"wp","href":"https:\/\/api.w.org\/{rel}","templated":true}]}}