{"id":429,"date":"2025-04-14T13:42:51","date_gmt":"2025-04-14T13:42:51","guid":{"rendered":"https:\/\/pruebas.portofinocaribe.com\/?page_id=429"},"modified":"2025-10-08T16:42:53","modified_gmt":"2025-10-08T21:42:53","slug":"viajes-portofino","status":"publish","type":"page","link":"https:\/\/portofinocaribe.com\/index.php\/viajes-portofino\/","title":{"rendered":"Viajes Portofino"},"content":{"rendered":"<div class=\"wpb-content-wrapper\"><p>[vc_row content_placement=\u00bbmiddle\u00bb][vc_column width=\u00bb1\/2&#8243;][vc_column_text css=\u00bb\u00bb]<\/p>\n<p><strong>Tu pasaporte a experiencias inolvidables<\/strong><\/p>\n<p>Viajes Portofino es el lugar donde transformamos tus sue\u00f1os de viajar en vivencias reales, \u00fanicas y totalmente confiables, tanto dentro como fuera de Colombia. Respaldados por la trayectoria de Turismo Total, ofrecemos un servicio integral que va mucho m\u00e1s all\u00e1 del destino: nos encargamos de tr\u00e1mites de visa, excursiones, paquetes tur\u00edsticos personalizados y todo lo que necesitas para que tu viaje sea asombroso.<\/p>\n<p>Nos apasiona crear momentos que dejan una huella imborrable en tu coraz\u00f3n, por eso nuestro equipo se dedica a brindar atenci\u00f3n personalizada en cada etapa del proceso. Ya sea que busques una escapada r\u00e1pida, unas vacaciones familiares o una aventura internacional, estamos aqu\u00ed para acompa\u00f1arte con profesionalismo y cercan\u00eda.<\/p>\n<p>Vis\u00edtanos en el Sector Francis, Calle 3 \u2013 Avenida Col\u00f3n, justo frente al Hotel Isle\u00f1o, y d\u00e9janos asesorarte hacia tu pr\u00f3ximo gran destino.[\/vc_column_text][\/vc_column][vc_column width=\u00bb1\/2&#8243;][vc_column_text css=\u00bb\u00bb]<style id=\"wp_carousel_dynamic_css2826\">#sp-wp-carousel-free-id-2826 .wpcp-swiper-dots {margin: 40px 0px 0px 0px;}.wpcp-wrapper-2826 .swiper-wrapper .swiper-slide-kenburn, .wpcp-wrapper-2826 .swiper-wrapper, .wpcp-wrapper-2826 .wpcpro-row{align-items: center;}#sp-wp-carousel-free-id-2826 .wpcp-single-item {box-shadow: 0px 0px 0px 0px #dddddd;transition: all .3s;margin: 0px;}#sp-wp-carousel-free-id-2826.swiper-flip .wpcp-single-item{margin: 0!important;}#sp-wp-carousel-free-id-2826 .wpcp-single-item:hover {box-shadow: 0px 0px 0px 0px #dddddd;}#sp-wp-carousel-free-id-2826.sp-wpcp-2826 .wpcp-single-item {border: 1px solid #dddddd;}#sp-wp-carousel-free-id-2826.sp-wpcp-2826 .swiper-button-prev,#sp-wp-carousel-free-id-2826.sp-wpcp-2826 .swiper-button-next,#sp-wp-carousel-free-id-2826.sp-wpcp-2826 .swiper-button-prev:hover,#sp-wp-carousel-free-id-2826.sp-wpcp-2826 .swiper-button-next:hover {background: none;border: none;font-size: 30px;}#sp-wp-carousel-free-id-2826.sp-wpcp-2826 .swiper-button-prev i,#sp-wp-carousel-free-id-2826.sp-wpcp-2826 .swiper-button-next i {color: #aaa;}#sp-wp-carousel-free-id-2826.sp-wpcp-2826 .swiper-button-prev i:hover,#sp-wp-carousel-free-id-2826.sp-wpcp-2826 .swiper-button-next i:hover {color: #178087;} #sp-wp-carousel-free-id-2826.sp-wpcp-2826.wpcp-image-carousel .wpcp-single-item:hover img, #sp-wp-carousel-free-id-2826.sp-wpcp-2826.wpcp-post-carousel .wpcp-single-item:hover img, #sp-wp-carousel-free-id-2826.sp-wpcp-2826.wpcp-product-carousel .wpcp-single-item:hover img{-webkit-transform: scale(1.2);-moz-transform: scale(1.2);transform: scale(1.2);}#sp-wp-carousel-free-id-2826 .wpcpro-row>[class*=\"wpcpro-col-\"] { padding: 0 10px; padding-bottom: 20px;} #sp-wp-carousel-free-id-2826 .swiper-slide .single-item-fade:not(:last-child) { margin-right: 20px;}@media (min-width: 480px) { .wpcpro-row .wpcpro-col-sm-1 { flex: 0 0 100%; max-width: 100%; } .wpcpro-row .wpcpro-col-sm-2 { flex: 0 0 50%; max-width: 50%; } .wpcpro-row .wpcpro-col-sm-2-5 { flex: 0 0 75%; max-width: 75%; } .wpcpro-row .wpcpro-col-sm-3 { flex: 0 0 33.333%; max-width: 33.333%; } .wpcpro-row .wpcpro-col-sm-4 { flex: 0 0 25%; max-width: 25%; } .wpcpro-row .wpcpro-col-sm-5 { flex: 0 0 20%; max-width: 20%; } .wpcpro-row .wpcpro-col-sm-6 { flex: 0 0 16.66666666666667%; max-width: 16.66666666666667%; } .wpcpro-row .wpcpro-col-sm-7 { flex: 0 0 14.28571428%; max-width: 14.28571428%; } .wpcpro-row .wpcpro-col-sm-8 { flex: 0 0 12.5%; max-width: 12.5%; } } @media (max-width: 480px) { .wpcpro-row .wpcpro-col-xs-1 { flex: 0 0 100%; max-width: 100%; } .wpcpro-row .wpcpro-col-xs-2 { flex: 0 0 50%; max-width: 50%; } .wpcpro-row .wpcpro-col-xs-3 { flex: 0 0 33.222%; max-width: 33.222%; } .wpcpro-row .wpcpro-col-xs-4 { flex: 0 0 25%; max-width: 25%; } .wpcpro-row .wpcpro-col-xs-5 { flex: 0 0 20%; max-width: 20%; } .wpcpro-row .wpcpro-col-xs-6 { flex: 0 0 16.6667%; max-width: 16.6667%; } .wpcpro-row .wpcpro-col-xs-7 { flex: 0 0 14.28571428%; max-width: 14.28571428%; } .wpcpro-row .wpcpro-col-xs-8 { flex: 0 0 12.5%; max-width: 12.5%; } } @media (min-width: 736px) { .wpcpro-row .wpcpro-col-md-1 { flex: 0 0 100%; max-width: 100%; } .wpcpro-row .wpcpro-col-md-2 { flex: 0 0 50%; max-width: 50%; } .wpcpro-row .wpcpro-col-md-2-5 { flex: 0 0 75%; max-width: 75%; } .wpcpro-row .wpcpro-col-md-3 { flex: 0 0 33.333%; max-width: 33.333%; } .wpcpro-row .wpcpro-col-md-4 { flex: 0 0 25%; max-width: 25%; } .wpcpro-row .wpcpro-col-md-5 { flex: 0 0 20%; max-width: 20%; } .wpcpro-row .wpcpro-col-md-6 { flex: 0 0 16.66666666666667%; max-width: 16.66666666666667%; } .wpcpro-row .wpcpro-col-md-7 { flex: 0 0 14.28571428%; max-width: 14.28571428%; } .wpcpro-row .wpcpro-col-md-8 { flex: 0 0 12.5%; max-width: 12.5%; } } @media (min-width: 980px) { .wpcpro-row .wpcpro-col-lg-1 { flex: 0 0 100%; max-width: 100%; } .wpcpro-row .wpcpro-col-lg-2 { flex: 0 0 50%; max-width: 50%; } .wpcpro-row .wpcpro-col-lg-3 { flex: 0 0 33.222%; max-width: 33.222%; } .wpcpro-row .wpcpro-col-lg-4 { flex: 0 0 25%; max-width: 25%; } .wpcpro-row .wpcpro-col-lg-5 { flex: 0 0 20%; max-width: 20%; } .wpcpro-row .wpcpro-col-lg-6 { flex: 0 0 16.6667%; max-width: 16.6667%; } .wpcpro-row .wpcpro-col-lg-7 { flex: 0 0 14.28571428%; max-width: 14.28571428%; } .wpcpro-row .wpcpro-col-lg-8 { flex: 0 0 12.5%; max-width: 12.5%; } } @media (min-width: 1200px) { .wpcpro-row .wpcpro-col-xl-1 { flex: 0 0 100%; max-width: 100%; } .wpcpro-row .wpcpro-col-xl-2 { flex: 0 0 50%; max-width: 50%; } .wpcpro-row .wpcpro-col-xl-3 { flex: 0 0 33.22222222%; max-width: 33.22222222%; } .wpcpro-row .wpcpro-col-xl-4 { flex: 0 0 25%; max-width: 25%; } .wpcpro-row .wpcpro-col-xl-5 { flex: 0 0 20%; max-width: 20%; } .wpcpro-row .wpcpro-col-xl-6 { flex: 0 0 16.66667%; max-width: 16.66667%; } .wpcpro-row .wpcpro-col-xl-7 { flex: 0 0 14.28571428%; max-width: 14.28571428%; } .wpcpro-row .wpcpro-col-xl-8 { flex: 0 0 12.5%; max-width: 12.5%; } }<\/style><div class=\"wpcp-carousel-wrapper wpcp-wrapper-2826\">\n\t<div id=\"wpcp-preloader-2826\" class=\"wpcp-carousel-preloader\"><img decoding=\"async\" src=\"https:\/\/portofinocaribe.com\/wp-content\/plugins\/wp-carousel-free\/public\/css\/spinner.svg\" alt=\"Preloader Image\" \/><\/div>\t<div class=\"wpcp-carousel-content-wrapper\">\n\t<div id=\"sp-wp-carousel-free-id-2826\" class=\"wpcp-carousel-section sp-wpcp-2826  nav-vertical-center wpcp-image-carousel wpcp-preloader wpcp-standard wpcp-center\" data-swiper='{ &quot;accessibility&quot;:true, &quot;spaceBetween&quot;:20, &quot;arrows&quot;:true, &quot;freeMode&quot;: false, &quot;autoplay&quot;:true, &quot;effect&quot;: &quot;slide&quot;, &quot;centerMode&quot;: true, &quot;autoplaySpeed&quot;:3000, &quot;dots&quot;:false, &quot;infinite&quot;:true, &quot;speed&quot;:600, &quot;pauseOnHover&quot;:true,\n\t\t\t&quot;slidesToShow&quot;:{&quot;lg_desktop&quot;:1, &quot;desktop&quot;: 1, &quot;laptop&quot;: 1, &quot;tablet&quot;: 1, &quot;mobile&quot;: 1}, &quot;responsive&quot;:{&quot;desktop&quot;:1200, &quot;laptop&quot;: 980, &quot;tablet&quot;: 736, &quot;mobile&quot;: 480}, &quot;rtl&quot;:false, &quot;lazyLoad&quot;: &quot;false&quot;, &quot;swipe&quot;: true, &quot;draggable&quot;: true, &quot;swipeToSlide&quot;:false }' dir=\"ltr\">\n\t\t<div class=\"swiper-wrapper\">\n\t\t<div class=\"swiper-slide\">\n\t<div class=\"wpcp-single-item\">\n\t\t\t<a class=\"wcp-light-box\" data-buttons='[\"close\"]' data-wpc_url='https:\/\/portofinocaribe.com\/wp-content\/uploads\/2025\/06\/IMG_3619-531x354.webp' href=\"https:\/\/portofinocaribe.com\/wp-content\/uploads\/2025\/06\/IMG_3619-scaled.webp\" data-fancybox=\"wpcp_view\">\n\t\t<figure>\n\t\t\t<img loading=\"lazy\" decoding=\"async\" class=\"skip-lazy\" src=\"https:\/\/portofinocaribe.com\/wp-content\/uploads\/2025\/06\/IMG_3619-531x354.webp\" alt=\"VIAJES PORTOFINO\" width=\"531\" height=\"354\"\/>\t\t<\/figure>\n\t<\/a>\n\t\t<\/div>\n<\/div>\n\t<div class=\"swiper-slide\">\n\t<div class=\"wpcp-single-item\">\n\t\t\t<a class=\"wcp-light-box\" data-buttons='[\"close\"]' data-wpc_url='https:\/\/portofinocaribe.com\/wp-content\/uploads\/2025\/06\/IMG_3606-531x354.webp' href=\"https:\/\/portofinocaribe.com\/wp-content\/uploads\/2025\/06\/IMG_3606-scaled.webp\" data-fancybox=\"wpcp_view\">\n\t\t<figure>\n\t\t\t<img loading=\"lazy\" decoding=\"async\" class=\"skip-lazy\" src=\"https:\/\/portofinocaribe.com\/wp-content\/uploads\/2025\/06\/IMG_3606-531x354.webp\" alt=\"VIAJES PORTOFINO\" width=\"531\" height=\"354\"\/>\t\t<\/figure>\n\t<\/a>\n\t\t<\/div>\n<\/div>\n\t<div class=\"swiper-slide\">\n\t<div class=\"wpcp-single-item\">\n\t\t\t<a class=\"wcp-light-box\" data-buttons='[\"close\"]' data-wpc_url='https:\/\/portofinocaribe.com\/wp-content\/uploads\/2025\/06\/IMG_3612-531x354.webp' href=\"https:\/\/portofinocaribe.com\/wp-content\/uploads\/2025\/06\/IMG_3612-scaled.webp\" data-fancybox=\"wpcp_view\">\n\t\t<figure>\n\t\t\t<img loading=\"lazy\" decoding=\"async\" class=\"skip-lazy\" src=\"https:\/\/portofinocaribe.com\/wp-content\/uploads\/2025\/06\/IMG_3612-531x354.webp\" alt=\"VIAJES PORTOFINO\" width=\"531\" height=\"354\"\/>\t\t<\/figure>\n\t<\/a>\n\t\t<\/div>\n<\/div>\n\t\t\t<\/div>\n\t\t\t\t<!-- If we need navigation buttons -->\n\t\t\t\t\t<div class=\"wpcp-prev-button swiper-button-prev\"><i class=\"fa fa-angle-left\"><\/i><\/div>\n\t\t\t<div class=\"wpcp-next-button swiper-button-next\"><i class=\"fa fa-angle-right\"><\/i><\/div>\n\t\t\t<\/div>\n\t<\/div>\n<\/div>\n[\/vc_column_text][\/vc_column][\/vc_row]<\/p>\n<\/div>","protected":false},"excerpt":{"rendered":"<p>[vc_row content_placement=\u00bbmiddle\u00bb][vc_column width=\u00bb1\/2&#8243;][vc_column_text css=\u00bb\u00bb] Tu pasaporte a experiencias inolvidables Viajes Portofino es el lugar donde transformamos tus sue\u00f1os de viajar en vivencias reales, \u00fanicas y totalmente confiables, tanto dentro como fuera de Colombia. Respaldados por la trayectoria de Turismo Total, ofrecemos un servicio integral que va mucho m\u00e1s all\u00e1 del destino: nos encargamos de tr\u00e1mites<\/p>\n<div class=\"padding-top text-center\"><a href=\"https:\/\/portofinocaribe.com\/index.php\/viajes-portofino\/\" class=\"atbtn atbtn--medium atbtn--rounded atbtn--transparent\">Read more<i class=\"atbtn__icon atbtn__icon--right fa fa-long-arrow-right\"><\/i><\/a><\/div>\n","protected":false},"author":1,"featured_media":0,"parent":0,"menu_order":0,"comment_status":"closed","ping_status":"closed","template":"","meta":{"footnotes":""},"class_list":["post-429","page","type-page","status-publish","hentry"],"_links":{"self":[{"href":"https:\/\/portofinocaribe.com\/index.php\/wp-json\/wp\/v2\/pages\/429","targetHints":{"allow":["GET"]}}],"collection":[{"href":"https:\/\/portofinocaribe.com\/index.php\/wp-json\/wp\/v2\/pages"}],"about":[{"href":"https:\/\/portofinocaribe.com\/index.php\/wp-json\/wp\/v2\/types\/page"}],"author":[{"embeddable":true,"href":"https:\/\/portofinocaribe.com\/index.php\/wp-json\/wp\/v2\/users\/1"}],"replies":[{"embeddable":true,"href":"https:\/\/portofinocaribe.com\/index.php\/wp-json\/wp\/v2\/comments?post=429"}],"version-history":[{"count":7,"href":"https:\/\/portofinocaribe.com\/index.php\/wp-json\/wp\/v2\/pages\/429\/revisions"}],"predecessor-version":[{"id":7812,"href":"https:\/\/portofinocaribe.com\/index.php\/wp-json\/wp\/v2\/pages\/429\/revisions\/7812"}],"wp:attachment":[{"href":"https:\/\/portofinocaribe.com\/index.php\/wp-json\/wp\/v2\/media?parent=429"}],"curies":[{"name":"wp","href":"https:\/\/api.w.org\/{rel}","templated":true}]}}