{"id":608,"date":"2025-04-16T17:20:18","date_gmt":"2025-04-16T17:20:18","guid":{"rendered":"https:\/\/pruebas.portofinocaribe.com\/?page_id=608"},"modified":"2026-02-17T16:29:52","modified_gmt":"2026-02-17T21:29:52","slug":"politicas-de-venta-san-andres-divers","status":"publish","type":"page","link":"https:\/\/portofinocaribe.com\/index.php\/politicas-de-venta-san-andres-divers\/","title":{"rendered":"Pol\u00edticas de venta &#8211; San Andr\u00e9s Divers"},"content":{"rendered":"<div class=\"wpb-content-wrapper\"><p>[vc_row][vc_column][vc_column_text css=\u00bb\u00bb]<div class=\"title title--big title--underline\">\n\t\t<h3 class=\"title__primary\">POL\u00cdTICAS DE VENTA<\/h3>\n<\/div>\n[\/vc_column_text][\/vc_column][\/vc_row][vc_row][vc_column css=\u00bb.vc_custom_1744814179099{margin-bottom: 60px !important;}\u00bb]<div class=\"panel-group accordion\" id=\"ataccordion1\">\n<div class=\"panel panel-default accordion__item\">\n\t<div class=\"panel-heading accordion__item__title-wrap\">\n\t\t<h4 class=\"panel-title\">\n\t\t\t<a data-toggle=\"collapse\" data-parent=\"#ataccordion1\" href=\"#ataccordion1_1\" class=\"accordion__item__link\">Reservas<\/a>\n\t\t<\/h4>\n\t<\/div>\n\t<div id=\"ataccordion1_1\" class=\"panel-collapse in\">\n\t\t<div class=\"panel-body accordion__item__content\">Las reservaciones ser\u00e1n aceptadas \u00fanicamente por escrito, a trav\u00e9s del correo: reservas@portofinocaribe.com. El Hotel le enviar\u00e1 una confirmaci\u00f3n con un c\u00f3digo de reserva que ser\u00e1 el \u00fanico requisito que le validar\u00e1 la reserva. El valor de la habitaci\u00f3n por noche NO incluye el seguro hotelero<\/div>\n\t<\/div>\n<\/div>\n<div class=\"panel panel-default accordion__item\">\n\t<div class=\"panel-heading accordion__item__title-wrap\">\n\t\t<h4 class=\"panel-title\">\n\t\t\t<a data-toggle=\"collapse\" data-parent=\"#ataccordion1\" href=\"#ataccordion1_2\" class=\"accordion__item__link collapsed\">Pol\u00edticas check in y check out<\/a>\n\t\t<\/h4>\n\t<\/div>\n\t<div id=\"ataccordion1_2\" class=\"panel-collapse collapse\">\n\t\t<div class=\"panel-body accordion__item__content\">El check in es la hora de ingreso del o los hu\u00e9spedes a la habitaci\u00f3n asignada en el hotel. La hora de Check In del Hotel Portofino es 3:00 P.M. para realizar un correcto Check In, es necesario presentar el documento de identidad de los hu\u00e9spedes.<\/div><\/div><\/div><\/div>\n<p>El Check out es la hora m\u00e1xima que tiene el o los hu\u00e9spedes para hacer entrega de la habitaci\u00f3n. La hora del Check Out del Hotel Portofino es 01:00 P.M.\n\t\n\n<div class=\"panel panel-default accordion__item\">\n\t<div class=\"panel-heading accordion__item__title-wrap\">\n\t\t<h4 class=\"panel-title\">\n\t\t\t<a data-toggle=\"collapse\" data-parent=\"#ataccordion1\" href=\"#ataccordion1_3\" class=\"accordion__item__link collapsed\">El hotel<\/a>\n\t\t<\/h4>\n\t<\/div>\n\t<div id=\"ataccordion1_3\" class=\"panel-collapse collapse\">\n\t\t<div class=\"panel-body accordion__item__content\">El Hotel Portofino cuenta con 82 c\u00f3modas habitaciones con ba\u00f1o privado, cajilla de seguridad. Algunas habitaciones cuentan con balc\u00f3n las cuales se asignan dependiendo de la disponibilidad del Hotel.<\/div><\/div><\/div>\n<p>El horario de uso de la piscina del Hotel Portofino es de 9:00 a.m. a 7:00 p.m. los ni\u00f1os menores de 10 a\u00f1os deber\u00e1n estar acompa\u00f1ados de sus padres o acudiente responsable. El Hotel Portofino no se hace responsable por accidentes ocasionados por el mal uso de la piscina.\n\t\n\n\n<div class=\"panel panel-default accordion__item\">\n\t<div class=\"panel-heading accordion__item__title-wrap\">\n\t\t<h4 class=\"panel-title\">\n\t\t\t<a data-toggle=\"collapse\" data-parent=\"#ataccordion1\" href=\"#ataccordion1_4\" class=\"accordion__item__link collapsed\">Alimentaci\u00f3n<\/a>\n\t\t<\/h4>\n\t<\/div>\n\t<div id=\"ataccordion1_4\" class=\"panel-collapse collapse\">\n\t\t<div class=\"panel-body accordion__item__content\">Los planes todo incluido incluyen alimentaci\u00f3n desayuno, almuerzo y cena. Los hu\u00e9spedes podr\u00e1n disfrutar de la alimentaci\u00f3n en nuestro Restaurante El Caracol ubicado en el sexto piso del Hotel Portofino. Los horarios para tomar los alimentos son:<\/div><\/div><\/div>\n<p>Desayuno de 7:00 a.m. a 9:30 a.m.<br \/>\nAlmuerzo de 12:30 p.m. a 2:30 p.m.<br \/>\nCena de 7:00 p.m. a 9:00 p.m.<\/p>\n<p>No hay reembolso de dinero equivalente a aquellos alimentos que no hayan sido tomados por los hu\u00e9spedes durante su estad\u00eda en el Hotel Portofino.\n\t\n\n<div class=\"panel panel-default accordion__item\">\n\t<div class=\"panel-heading accordion__item__title-wrap\">\n\t\t<h4 class=\"panel-title\">\n\t\t\t<a data-toggle=\"collapse\" data-parent=\"#ataccordion1\" href=\"#ataccordion1_5\" class=\"accordion__item__link collapsed\">Restricciones DIMAR<\/a>\n\t\t<\/h4>\n\t<\/div>\n\t<div id=\"ataccordion1_5\" class=\"panel-collapse collapse\">\n\t\t<div class=\"panel-body accordion__item__content\">Verde: navegaci\u00f3n normal, todas las embarcaciones menores pueden navegar, haciendo uso adecuado y dando estricto cumplimiento a las medidas de seguridad pertinentes.<\/div><\/div><\/div>\n<p>Amarillo: navegaci\u00f3n con restricci\u00f3n: se restringe para personas de la tercera edad, ni\u00f1os menores de 12 a\u00f1os, mujeres embarazadas personas con alg\u00fan tipo de discapacidad, que no les permite valerse por sus medios. Adem\u00e1s, las embarcaciones deben navegar con el 80% de su capacidad m\u00e1xima de pasajeros.<\/p>\n<p>Rojo: navegaci\u00f3n cerrada. Las embarcaciones menores no pueden navegar. No hay excepci\u00f3n.\n\t\n[\/vc_column][\/vc_row]<\/p>\n<\/div>","protected":false},"excerpt":{"rendered":"<p>[vc_row][vc_column][vc_column_text css=\u00bb\u00bb][\/vc_column_text][\/vc_column][\/vc_row][vc_row][vc_column css=\u00bb.vc_custom_1744814179099{margin-bottom: 60px !important;}\u00bb][\/vc_column][\/vc_row]<\/p>\n","protected":false},"author":1,"featured_media":0,"parent":0,"menu_order":0,"comment_status":"closed","ping_status":"closed","template":"","meta":{"footnotes":""},"class_list":["post-608","page","type-page","status-publish","hentry"],"_links":{"self":[{"href":"https:\/\/portofinocaribe.com\/index.php\/wp-json\/wp\/v2\/pages\/608","targetHints":{"allow":["GET"]}}],"collection":[{"href":"https:\/\/portofinocaribe.com\/index.php\/wp-json\/wp\/v2\/pages"}],"about":[{"href":"https:\/\/portofinocaribe.com\/index.php\/wp-json\/wp\/v2\/types\/page"}],"author":[{"embeddable":true,"href":"https:\/\/portofinocaribe.com\/index.php\/wp-json\/wp\/v2\/users\/1"}],"replies":[{"embeddable":true,"href":"https:\/\/portofinocaribe.com\/index.php\/wp-json\/wp\/v2\/comments?post=608"}],"version-history":[{"count":2,"href":"https:\/\/portofinocaribe.com\/index.php\/wp-json\/wp\/v2\/pages\/608\/revisions"}],"predecessor-version":[{"id":5714,"href":"https:\/\/portofinocaribe.com\/index.php\/wp-json\/wp\/v2\/pages\/608\/revisions\/5714"}],"wp:attachment":[{"href":"https:\/\/portofinocaribe.com\/index.php\/wp-json\/wp\/v2\/media?parent=608"}],"curies":[{"name":"wp","href":"https:\/\/api.w.org\/{rel}","templated":true}]}}