{"id":6179,"date":"2025-08-22T09:22:36","date_gmt":"2025-08-22T14:22:36","guid":{"rendered":"https:\/\/portofinocaribe.com\/?post_type=product&#038;p=6179"},"modified":"2026-01-29T14:50:41","modified_gmt":"2026-01-29T19:50:41","slug":"acuario-magico-bookly","status":"publish","type":"product","link":"https:\/\/portofinocaribe.com\/index.php\/product\/acuario-magico-bookly\/","title":{"rendered":"ACUARIO M\u00c1GICO"},"content":{"rendered":"<h2><b>ACUARIO M\u00c1GICO\u00a0<\/b><\/h2>\n<p><strong>\u00a1Sum\u00e9rgete y descubre el para\u00edso submarino de San Andr\u00e9s!<\/strong><\/p>\n<p>Nuestra aventura comienza con el desembarco en Haynes Cay, donde la arena blanca y el agua cristalina te dan la bienvenida. Luego continuamos hacia Rose Cay, mejor conocido como el acuario natural, un lugar incre\u00edble donde podr\u00e1s nadar rodeado de peces de colores y observar la vida marina como si estuvieras dentro de una pecera gigante&#8230; \u00a1sin vidrio de por medio!<\/p>\n<p>El recorrido sigue con un paseo por los manglares, un ecosistema lleno de vida y encanto, y finaliza con una refrescante parada de ba\u00f1o en la espectacular piscina natural White Watta, un rinc\u00f3n de agua turquesa tan clara y tranquila que parece sacado de un sue\u00f1o.<\/p>\n<p><strong>Un tour lleno de color, naturaleza y magia caribe\u00f1a&#8230; \u00a1bienvenido al Acuario M\u00e1gico!<\/strong><\/p>\n<p><b>Citaci\u00f3n:<\/b> 8:30 am.<\/p>\n<p><b>Hora de salida:<\/b><span style=\"font-weight: 400;\">\u00a0 9:00 am.<\/span><\/p>\n<p><strong>Hora de retorno:<\/strong>\u00a0 2:30 pm.<\/p>\n<p><b>Duraci\u00f3n: <\/b><span style=\"font-weight: 400;\">\u00a06 horas.<\/span><\/p>\n<p><strong>D\u00edas de operaci\u00f3n:<\/strong> Lunes a domingos.<\/p>\n<p><b>Ubicaci\u00f3n<\/b><span style=\"font-weight: 400;\">: Marina Portofino <\/span><span style=\"font-weight: 400;\">(Avenida Newball frente al Parque de la Barracuda)<\/span><\/p>\n<p><b>Incluye<\/b><\/p>\n<ul>\n<li><span style=\"font-weight: 400;\">Transporte en lancha.<\/span><\/li>\n<\/ul>\n<p><strong>No incluye<\/strong><\/p>\n<ul>\n<li>Alimentaci\u00f3n y bebidas.<\/li>\n<li>Equipo de Snorkeling.<\/li>\n<li>Gastos no especificados.<\/li>\n<\/ul>\n<p><span style=\"font-weight: 400;\"><b>Observaciones<\/b><\/span><\/p>\n<ul>\n<li><span style=\"font-weight: 400;\">Llamada<\/span><span style=\"font-weight: 400;\"> por orden de llegada al momento de embarcar al bote.<\/span><\/li>\n<li>Ni\u00f1os a partir de 4 a\u00f1os de edad deber\u00e1n pagar la actividad.<\/li>\n<li>La confirmaci\u00f3n de la reserva ser\u00e1 enviada al correo electr\u00f3nico proporcionado al momento de la compra.<\/li>\n<\/ul>\n<p><strong>El desarrollo del tour est\u00e1 sujeto a las condiciones climatol\u00f3gicas.\u00a0<\/strong><\/p>\n<p><b>C\u00f3digo de vestuario:\u00a0<\/b>Vestuario informal, traje de ba\u00f1o.<\/p>\n","protected":false},"excerpt":{"rendered":"<p>Disfruta de un recorrido \u00fanico por lugares m\u00e1gicos.<\/p>\n<div class=\"precios-rebajados\">\n<div class=\"tittle-rebajas\">\n<p id=\"texto-lineado\"><img decoding=\"async\" src=\"http:\/\/portofinocaribe.com\/wp-content\/uploads\/2025\/06\/3770820_Mesa-de-trabajo-1.webp\" alt=\"etiqueta-precio\" width=\"25\" \/><\/p>\n<p id=\"precio-normal\">$100.000 COP<\/p>\n<\/div>\n<div class=\"sub-tittle-rebajas\">\n<p>PRECIO POR PERSONA<\/p>\n<\/div>\n<\/div>\n[bookly-form category_id=\"1\" service_id=\"4\" staff_member_id=\"11\" show_number_of_persons=\"1\" hide=\"categories,services,staff_members,date,week_days,time_range\"]\n","protected":false},"featured_media":2547,"template":"","meta":[],"product_brand":[],"product_cat":[29,62,18],"product_tag":[61],"class_list":{"0":"post-6179","1":"product","2":"type-product","3":"status-publish","4":"has-post-thumbnail","6":"product_cat-actividades-san-andres-isla","7":"product_cat-bookly-san-andres","8":"product_cat-sanandresislas","9":"product_tag-bookly","11":"first","12":"instock","13":"virtual","14":"purchasable","15":"product-type-simple"},"_links":{"self":[{"href":"https:\/\/portofinocaribe.com\/index.php\/wp-json\/wp\/v2\/product\/6179","targetHints":{"allow":["GET"]}}],"collection":[{"href":"https:\/\/portofinocaribe.com\/index.php\/wp-json\/wp\/v2\/product"}],"about":[{"href":"https:\/\/portofinocaribe.com\/index.php\/wp-json\/wp\/v2\/types\/product"}],"wp:featuredmedia":[{"embeddable":true,"href":"https:\/\/portofinocaribe.com\/index.php\/wp-json\/wp\/v2\/media\/2547"}],"wp:attachment":[{"href":"https:\/\/portofinocaribe.com\/index.php\/wp-json\/wp\/v2\/media?parent=6179"}],"wp:term":[{"taxonomy":"product_brand","embeddable":true,"href":"https:\/\/portofinocaribe.com\/index.php\/wp-json\/wp\/v2\/product_brand?post=6179"},{"taxonomy":"product_cat","embeddable":true,"href":"https:\/\/portofinocaribe.com\/index.php\/wp-json\/wp\/v2\/product_cat?post=6179"},{"taxonomy":"product_tag","embeddable":true,"href":"https:\/\/portofinocaribe.com\/index.php\/wp-json\/wp\/v2\/product_tag?post=6179"}],"curies":[{"name":"wp","href":"https:\/\/api.w.org\/{rel}","templated":true}]}}