{"id":6183,"date":"2025-08-22T09:24:28","date_gmt":"2025-08-22T14:24:28","guid":{"rendered":"https:\/\/portofinocaribe.com\/?post_type=product&#038;p=6183"},"modified":"2026-02-24T11:54:40","modified_gmt":"2026-02-24T16:54:40","slug":"vuelta-a-la-isla-terrestre-bookly","status":"publish","type":"product","link":"https:\/\/portofinocaribe.com\/index.php\/product\/vuelta-a-la-isla-terrestre-bookly\/","title":{"rendered":"VUELTA A LA ISLA TERRESTRE"},"content":{"rendered":"<h2><b>VUELTA A LA ISLA TERRESTRE<\/b><\/h2>\n<p class=\"\" data-start=\"98\" data-end=\"172\"><strong data-start=\"103\" data-end=\"167\">Recorre la isla, descubre su magia: \u00a1San Andr\u00e9s te espera!<\/strong><\/p>\n<p class=\"\" data-start=\"174\" data-end=\"576\">Emb\u00e1rcate en un emocionante recorrido alrededor de San Andr\u00e9s, visitando los lugares m\u00e1s emblem\u00e1ticos de la isla. Descubre la misteriosa Cueva de Morgan, marav\u00edllate con las aguas cristalinas de la Piscinita Natural y disfruta de las impresionantes vistas en West View. Cada parada te llevar\u00e1 a un rinc\u00f3n \u00fanico, lleno de historia, belleza natural y paisajes que te dejar\u00e1n sin palabras.<\/p>\n<p><b>Citaci\u00f3n: <\/b>15 minutos antes.<\/p>\n<p><b>Hora de salida:<\/b><\/p>\n<ul>\n<li>08:00 am.<\/li>\n<li>11:00 am.<\/li>\n<li>02:00 pm.<\/li>\n<\/ul>\n<p><b>Duraci\u00f3n: <\/b><span style=\"font-weight: 400;\">2 horas y 30 minutos aproximadamente.\u00a0<\/span><\/p>\n<p><strong>D\u00edas de operaci\u00f3n: <\/strong>Lunes a domingos.<\/p>\n<p><b>Ubicaci\u00f3n: <\/b><span style=\"font-weight: 400;\">Marina Portofino (Avenida Newball frente al Parque de la Barracuda)<\/span><\/p>\n<p><b>Incluye<\/b><\/p>\n<ul>\n<li><span style=\"font-weight: 400;\">Conductor\/Gu\u00eda.<\/span><\/li>\n<li><span style=\"font-weight: 400;\">Servicio ofrecido en chiva, bus o vans.<\/span><\/li>\n<li>Paradas en sitios de inter\u00e9s.<\/li>\n<\/ul>\n<p><b>No incluye<\/b><\/p>\n<ul>\n<li>Valor de ingreso a los sitios de inter\u00e9s: Cueva de Morgan $25.000 COP por persona, West View $10,000 COP por persona, sujetos a cambios sin previo aviso.<\/li>\n<li>Alimentaci\u00f3n y bebidas.<\/li>\n<\/ul>\n<p><strong>Observaciones<\/strong><\/p>\n<ul>\n<li>Ni\u00f1os a partir de 4 a\u00f1os de edad deber\u00e1n pagar la actividad.<\/li>\n<li><span style=\"font-weight: 400;\">En el horario de 08:00 am visitamos el museo interactivo del pirata y la piscina natural en West View.<\/span><\/li>\n<li>En el horario de 11:00 am y 02:00 pm visitamos la Cueva de Morgan <span style=\"font-weight: 400;\">y la piscina natural en West View.<\/span><\/li>\n<li>La confirmaci\u00f3n de la reserva ser\u00e1 enviada al correo electr\u00f3nico proporcionado al momento de la compra.<\/li>\n<\/ul>\n<p><b>C\u00f3digo de vestuario: <\/b><span style=\"font-weight: 400;\">Vestuario casual.<\/span><\/p>\n<p>&nbsp;<\/p>\n<p><b>Video<\/b><\/p>\n<div style=\"width: 400px;\" class=\"wp-video\"><!--[if lt IE 9]><script>document.createElement('video');<\/script><![endif]-->\n<video class=\"wp-video-shortcode\" id=\"video-6183-1\" width=\"400\" height=\"360\" preload=\"metadata\" controls=\"controls\"><source type=\"video\/mp4\" src=\"http:\/\/portofinocaribe.com\/wp-content\/uploads\/2026\/02\/VUELTA-A-LA-ISLA-SAI.mp4?_=1\" \/><a href=\"http:\/\/portofinocaribe.com\/wp-content\/uploads\/2026\/02\/VUELTA-A-LA-ISLA-SAI.mp4\">http:\/\/portofinocaribe.com\/wp-content\/uploads\/2026\/02\/VUELTA-A-LA-ISLA-SAI.mp4<\/a><\/video><\/div>\n","protected":false},"excerpt":{"rendered":"<p><span style=\"font-weight: 400;\">Recorre la isla visitando sus sitios m\u00e1s emblem\u00e1ticos.<\/span><\/p>\n<div class=\"precios-rebajados\">\n<div class=\"tittle-rebajas\">\n<p id=\"texto-lineado\"><img decoding=\"async\" src=\"http:\/\/portofinocaribe.com\/wp-content\/uploads\/2025\/06\/3770820_Mesa-de-trabajo-1.webp\" alt=\"etiqueta-precio\" width=\"25\" \/><\/p>\n<p id=\"precio-normal\">$100.000 COP<\/p>\n<\/div>\n<div class=\"sub-tittle-rebajas\">\n<p>PRECIO POR PERSONA<\/p>\n<\/div>\n<\/div>\n[bookly-form category_id=\"1\" service_id=\"14\" staff_member_id=\"30\" show_number_of_persons=\"1\" hide=\"categories,services,staff_members,date,week_days,time_range\"]\n","protected":false},"featured_media":2388,"template":"","meta":[],"product_brand":[],"product_cat":[29,62,18],"product_tag":[61],"class_list":{"0":"post-6183","1":"product","2":"type-product","3":"status-publish","4":"has-post-thumbnail","6":"product_cat-actividades-san-andres-isla","7":"product_cat-bookly-san-andres","8":"product_cat-sanandresislas","9":"product_tag-bookly","11":"first","12":"instock","13":"virtual","14":"purchasable","15":"product-type-simple"},"_links":{"self":[{"href":"https:\/\/portofinocaribe.com\/index.php\/wp-json\/wp\/v2\/product\/6183","targetHints":{"allow":["GET"]}}],"collection":[{"href":"https:\/\/portofinocaribe.com\/index.php\/wp-json\/wp\/v2\/product"}],"about":[{"href":"https:\/\/portofinocaribe.com\/index.php\/wp-json\/wp\/v2\/types\/product"}],"wp:featuredmedia":[{"embeddable":true,"href":"https:\/\/portofinocaribe.com\/index.php\/wp-json\/wp\/v2\/media\/2388"}],"wp:attachment":[{"href":"https:\/\/portofinocaribe.com\/index.php\/wp-json\/wp\/v2\/media?parent=6183"}],"wp:term":[{"taxonomy":"product_brand","embeddable":true,"href":"https:\/\/portofinocaribe.com\/index.php\/wp-json\/wp\/v2\/product_brand?post=6183"},{"taxonomy":"product_cat","embeddable":true,"href":"https:\/\/portofinocaribe.com\/index.php\/wp-json\/wp\/v2\/product_cat?post=6183"},{"taxonomy":"product_tag","embeddable":true,"href":"https:\/\/portofinocaribe.com\/index.php\/wp-json\/wp\/v2\/product_tag?post=6183"}],"curies":[{"name":"wp","href":"https:\/\/api.w.org\/{rel}","templated":true}]}}