{"id":6891,"date":"2025-08-31T20:18:13","date_gmt":"2025-09-01T01:18:13","guid":{"rendered":"https:\/\/portofinocaribe.com\/?post_type=product&#038;p=6891"},"modified":"2026-03-25T11:39:03","modified_gmt":"2026-03-25T16:39:03","slug":"noche-blanca-sai","status":"publish","type":"product","link":"https:\/\/portofinocaribe.com\/index.php\/product\/noche-blanca-sai\/","title":{"rendered":"NOCHE BLANCA"},"content":{"rendered":"<h2><b>NOCHE BLANCA<\/b><\/h2>\n<p><strong>\u00a1Vive una noche m\u00e1gica bajo las estrellas en la bah\u00eda de San Andr\u00e9s!<\/strong><\/p>\n<p>Emb\u00e1rcate en una experiencia inolvidable que combina sabor, ritmo y la belleza del Caribe. Al llegar a nuestra marina, ser\u00e1s recibido con una vibrante presentaci\u00f3n de baile t\u00edpico que te sumergir\u00e1 en el alma isle\u00f1a desde el primer momento.<\/p>\n<p>Desde el muelle abordar\u00e1s nuestra c\u00f3moda embarcaci\u00f3n, donde comienza la fiesta. Durante el recorrido disfrutar\u00e1s de una deliciosa cena, m\u00fasica en vivo, animaci\u00f3n y para completar esta noche especial, una barra libre de licores nacionales para que brindes, bailes y te dejes llevar por el ritmo del mar.<\/p>\n<p><strong>Cena, rumba y estrellas&#8230; \u00a1todo en una sola noche!<\/strong><\/p>\n<p><strong>Citaci\u00f3n:<\/strong> 6:30 pm.<\/p>\n<p><b>Hora de salida: <\/b>7:00 pm.<\/p>\n<p><b>Hora de regreso: <\/b>10:00 pm.<\/p>\n<p><b>Duraci\u00f3n: <\/b><span style=\"font-weight: 400;\">\u00a03 horas aproximadamente.<\/span><\/p>\n<p><span style=\"font-weight: 400;\"><strong>D\u00edas de operaci\u00f3n<\/strong>: Lunes a domingos.<\/span><\/p>\n<p><b>Ubicaci\u00f3n: <\/b><span style=\"font-weight: 400;\">Marina Portofino (Avenida Newball frente al Parque de la Barracuda)<\/span><\/p>\n<p><b>Incluye<\/b><\/p>\n<ul>\n<li><span style=\"font-weight: 400;\">Barra libre de licores nacionales y c\u00f3cteles sin crema.<\/span><\/li>\n<li><span style=\"font-weight: 400;\">Cena tipo buffet.<\/span><\/li>\n<li><span style=\"font-weight: 400;\">Dj, Animador y bailarines.<\/span><\/li>\n<\/ul>\n<p><b>No incluye<\/b><\/p>\n<ul>\n<li><span style=\"font-weight: 400;\">Cervezas.<\/span><\/li>\n<li><span style=\"font-weight: 400;\">C\u00f3cteles con crema.<\/span><\/li>\n<\/ul>\n<p><strong>Observaci\u00f3n\u00a0<\/strong><\/p>\n<ul>\n<li>La confirmaci\u00f3n de la reserva ser\u00e1 enviada al correo electr\u00f3nico proporcionado al momento de la compra.<\/li>\n<\/ul>\n<p><b>C\u00f3digo de vestuario: <\/b><span style=\"font-weight: 400;\">Vestuario formal, se recomienda ir de blanco.<\/span><\/p>\n<p><b>Video<\/b><\/p>\n<div style=\"width: 400px;\" class=\"wp-video\"><!--[if lt IE 9]><script>document.createElement('video');<\/script><![endif]-->\n<video class=\"wp-video-shortcode\" id=\"video-6891-1\" width=\"400\" height=\"600\" preload=\"metadata\" controls=\"controls\"><source type=\"video\/mp4\" src=\"https:\/\/portofinocaribe.com\/wp-content\/uploads\/2025\/04\/TOUR-NOCHE-BLANCA-1.mp4?_=1\" \/><a href=\"https:\/\/portofinocaribe.com\/wp-content\/uploads\/2025\/04\/TOUR-NOCHE-BLANCA-1.mp4\">https:\/\/portofinocaribe.com\/wp-content\/uploads\/2025\/04\/TOUR-NOCHE-BLANCA-1.mp4<\/a><\/video><\/div>\n","protected":false},"excerpt":{"rendered":"<p><span style=\"font-weight: 400;\">Disfruta de la m\u00e1gica experiencia de cenar y rumbear bajo las estrellas de la bah\u00eda de San Andr\u00e9s.<\/span><\/p>\n<div class=\"precios-rebajados\">\n<div class=\"tittle-rebajas\">\n<p id=\"texto-lineado\"><img decoding=\"async\" src=\"http:\/\/portofinocaribe.com\/wp-content\/uploads\/2025\/06\/adulto.webp\" alt=\"adulto-icono\" width=\"23\" \/><\/p>\n<p id=\"precio-normal\">$250.000 COP<\/p>\n<\/div>\n<div class=\"tittle-rebajas-op\">\n<p id=\"texto-lineado\"><img decoding=\"async\" src=\"http:\/\/portofinocaribe.com\/wp-content\/uploads\/2025\/06\/adulto-y-nino.webp\" alt=\"adulto-icono\" width=\"23\" \/><\/p>\n<p id=\"precio-normal\">$180.000 COP<\/p>\n<\/div>\n<\/div>\n[bookly-form category_id=\"1\" service_id=\"7\" staff_member_id=\"6\" show_number_of_persons=\"1\" hide=\"categories,services,staff_members,date,week_days,time_range\"]\n","protected":false},"featured_media":2398,"template":"","meta":[],"product_brand":[],"product_cat":[29,62,18],"product_tag":[61],"class_list":{"0":"post-6891","1":"product","2":"type-product","3":"status-publish","4":"has-post-thumbnail","6":"product_cat-actividades-san-andres-isla","7":"product_cat-bookly-san-andres","8":"product_cat-sanandresislas","9":"product_tag-bookly","11":"first","12":"instock","13":"virtual","14":"purchasable","15":"product-type-simple"},"_links":{"self":[{"href":"https:\/\/portofinocaribe.com\/index.php\/wp-json\/wp\/v2\/product\/6891","targetHints":{"allow":["GET"]}}],"collection":[{"href":"https:\/\/portofinocaribe.com\/index.php\/wp-json\/wp\/v2\/product"}],"about":[{"href":"https:\/\/portofinocaribe.com\/index.php\/wp-json\/wp\/v2\/types\/product"}],"wp:featuredmedia":[{"embeddable":true,"href":"https:\/\/portofinocaribe.com\/index.php\/wp-json\/wp\/v2\/media\/2398"}],"wp:attachment":[{"href":"https:\/\/portofinocaribe.com\/index.php\/wp-json\/wp\/v2\/media?parent=6891"}],"wp:term":[{"taxonomy":"product_brand","embeddable":true,"href":"https:\/\/portofinocaribe.com\/index.php\/wp-json\/wp\/v2\/product_brand?post=6891"},{"taxonomy":"product_cat","embeddable":true,"href":"https:\/\/portofinocaribe.com\/index.php\/wp-json\/wp\/v2\/product_cat?post=6891"},{"taxonomy":"product_tag","embeddable":true,"href":"https:\/\/portofinocaribe.com\/index.php\/wp-json\/wp\/v2\/product_tag?post=6891"}],"curies":[{"name":"wp","href":"https:\/\/api.w.org\/{rel}","templated":true}]}}