{"id":6894,"date":"2025-08-31T20:19:19","date_gmt":"2025-09-01T01:19:19","guid":{"rendered":"https:\/\/portofinocaribe.com\/?post_type=product&#038;p=6894"},"modified":"2026-01-29T14:41:48","modified_gmt":"2026-01-29T19:41:48","slug":"semi-submarino-nautilus-bookly","status":"publish","type":"product","link":"https:\/\/portofinocaribe.com\/index.php\/product\/semi-submarino-nautilus-bookly\/","title":{"rendered":"SEMI SUBMARINO NAUTILUS"},"content":{"rendered":"<h2><b>SEMI SUBMARINO NAUTILUS<\/b><\/h2>\n<p><strong>\u00abUn oc\u00e9ano de maravillas, al alcance de tu mirada.\u00bb<\/strong><\/p>\n<p>Este tour te invita a explorar la vida submarina de los arrecifes de coral que rodean la m\u00e1gica Isla de San Andr\u00e9s, desde la comodidad de una moderna cabina submarina panor\u00e1mica.<\/p>\n<p>Sentado y relajado, observar\u00e1s a trav\u00e9s de amplias ventanas c\u00f3mo se despliega ante tus ojos un espect\u00e1culo natural lleno de colores, formas y movimiento. Peces tropicales, corales vivos y curiosas criaturas marinas habitan este asombroso ecosistema, parte de la Reserva Mundial de Biosfera Seaflower, declarada por la UNESCO.<\/p>\n<p><strong>Una experiencia segura, educativa y fascinante para todas las edades, ideal para quienes desean sumergirse en el encanto del mar&#8230; \u00a1sin necesidad de bucear!<\/strong><\/p>\n<p><strong>Citaci\u00f3n: <\/strong>15 minutos antes.<\/p>\n<p><b>Hora de salida<\/b><\/p>\n<ul>\n<li>11:00 am<\/li>\n<li>3:00 pm<\/li>\n<\/ul>\n<p><b>Duraci\u00f3n: <\/b><span style=\"font-weight: 400;\">\u00a01 hora y 30 minutos.<\/span><\/p>\n<p><strong>D\u00edas de operaci\u00f3n: <\/strong>Lunes a domingos.<\/p>\n<p><b>Ubicaci\u00f3n: <\/b><span style=\"font-weight: 400;\">Marina Portofino (Avenida Newball frente al Parque de la Barracuda)<\/span><\/p>\n<p><b>Incluye<\/b><\/p>\n<ul>\n<li><span style=\"font-weight: 400;\">Transporte mar\u00edtimo.<\/span><\/li>\n<li><span style=\"font-weight: 400;\">Parada de ba\u00f1o.<\/span><\/li>\n<\/ul>\n<p><b>No incluye<\/b><\/p>\n<ul>\n<li><span style=\"font-weight: 400;\">Alimentaci\u00f3n y bebidas.<\/span><\/li>\n<\/ul>\n<p><b>Observaciones<\/b><\/p>\n<ul>\n<li><b> <\/b><span style=\"font-weight: 400;\">Luego de hacer el circuito submarino, nos detenemos durante 20 minutos aproximadamente, en un lugar seguro para que las personas que lo deseen tomen un ba\u00f1o refrescante junto a los card\u00famenes de peces, bajo el cuidado de los gu\u00edas y la ayuda de flotadores.<\/span><\/li>\n<li>Ni\u00f1os a partir de 4 a\u00f1os de edad deber\u00e1n pagar la actividad.<\/li>\n<li>La confirmaci\u00f3n de la reserva ser\u00e1 enviada al correo electr\u00f3nico proporcionado al momento de la compra.<\/li>\n<\/ul>\n<p><strong>\u00a0El desarrollo del tour est\u00e1 sujeto a las condiciones climatol\u00f3gicas.<\/strong><\/p>\n<p><b>C\u00f3digo de vestuario: <\/b><span style=\"font-weight: 400;\">Vestuario informal, traje de ba\u00f1o.<\/span><\/p>\n<p><b>Video<\/b><\/p>\n<div style=\"width: 400px;\" class=\"wp-video\"><!--[if lt IE 9]><script>document.createElement('video');<\/script><![endif]-->\n<video class=\"wp-video-shortcode\" id=\"video-6894-1\" width=\"400\" height=\"600\" preload=\"metadata\" controls=\"controls\"><source type=\"video\/mp4\" src=\"https:\/\/portofinocaribe.com\/wp-content\/uploads\/2025\/04\/TOUR-SEMI-SUBMARINO-NAUTILUS_compressed.mp4?_=1\" \/><a href=\"https:\/\/portofinocaribe.com\/wp-content\/uploads\/2025\/04\/TOUR-SEMI-SUBMARINO-NAUTILUS_compressed.mp4\">https:\/\/portofinocaribe.com\/wp-content\/uploads\/2025\/04\/TOUR-SEMI-SUBMARINO-NAUTILUS_compressed.mp4<\/a><\/video><\/div>\n","protected":false},"excerpt":{"rendered":"<p><span style=\"font-weight: 400;\">Conoce la vida submarina de los arrecifes de coral que crecen en las costas de la Isla de San Andr\u00e9s.<\/span><\/p>\n<div class=\"precios-rebajados\">\n<div class=\"tittle-rebajas\">\n<p id=\"texto-lineado\"><img decoding=\"async\" src=\"http:\/\/portofinocaribe.com\/wp-content\/uploads\/2025\/06\/3770820_Mesa-de-trabajo-1.webp\" alt=\"etiqueta-precio\" width=\"25\" \/><\/p>\n<p id=\"precio-normal\">$110.000 COP<\/p>\n<\/div>\n<div class=\"sub-tittle-rebajas\">\n<p>PRECIO POR PERSONA<\/p>\n<\/div>\n<\/div>\n[bookly-form category_id=\"1\" service_id=\"8\" staff_member_id=\"16\" show_number_of_persons=\"1\" hide=\"categories,services,staff_members,date,week_days,time_range\"]\n","protected":false},"featured_media":2771,"template":"","meta":[],"product_brand":[],"product_cat":[29,62,18],"product_tag":[61],"class_list":{"0":"post-6894","1":"product","2":"type-product","3":"status-publish","4":"has-post-thumbnail","6":"product_cat-actividades-san-andres-isla","7":"product_cat-bookly-san-andres","8":"product_cat-sanandresislas","9":"product_tag-bookly","11":"first","12":"instock","13":"virtual","14":"purchasable","15":"product-type-simple"},"_links":{"self":[{"href":"https:\/\/portofinocaribe.com\/index.php\/wp-json\/wp\/v2\/product\/6894","targetHints":{"allow":["GET"]}}],"collection":[{"href":"https:\/\/portofinocaribe.com\/index.php\/wp-json\/wp\/v2\/product"}],"about":[{"href":"https:\/\/portofinocaribe.com\/index.php\/wp-json\/wp\/v2\/types\/product"}],"wp:featuredmedia":[{"embeddable":true,"href":"https:\/\/portofinocaribe.com\/index.php\/wp-json\/wp\/v2\/media\/2771"}],"wp:attachment":[{"href":"https:\/\/portofinocaribe.com\/index.php\/wp-json\/wp\/v2\/media?parent=6894"}],"wp:term":[{"taxonomy":"product_brand","embeddable":true,"href":"https:\/\/portofinocaribe.com\/index.php\/wp-json\/wp\/v2\/product_brand?post=6894"},{"taxonomy":"product_cat","embeddable":true,"href":"https:\/\/portofinocaribe.com\/index.php\/wp-json\/wp\/v2\/product_cat?post=6894"},{"taxonomy":"product_tag","embeddable":true,"href":"https:\/\/portofinocaribe.com\/index.php\/wp-json\/wp\/v2\/product_tag?post=6894"}],"curies":[{"name":"wp","href":"https:\/\/api.w.org\/{rel}","templated":true}]}}