{"id":6914,"date":"2025-08-31T20:30:26","date_gmt":"2025-09-01T01:30:26","guid":{"rendered":"https:\/\/portofinocaribe.com\/?post_type=product&#038;p=6914"},"modified":"2026-02-12T10:58:15","modified_gmt":"2026-02-12T15:58:15","slug":"city-tour-panoramico-en-chiva-bookly","status":"publish","type":"product","link":"https:\/\/portofinocaribe.com\/index.php\/product\/city-tour-panoramico-en-chiva-bookly\/","title":{"rendered":"CITY TOUR PANOR\u00c1MICO EN CHIVA"},"content":{"rendered":"<h2><b>CITY TOUR PANOR\u00c1MICO EN CHIVA<\/b><\/h2>\n<p class=\"\" style=\"text-align: left;\" data-start=\"83\" data-end=\"513\"><strong>\u00a1Descubre Cartagena desde una perspectiva inolvidable a bordo de \u201cLa Remilgosa\u201d!<\/strong><br data-start=\"167\" data-end=\"170\" \/>Emb\u00e1rcate en una experiencia \u00fanica con nuestro City Tour Panor\u00e1mico, un recorrido guiado por la m\u00e1gica Cartagena, tambi\u00e9n conocida como el encantador \u201cCorralito de Piedra\u201d. Lo realizar\u00e1s a bordo de La Remilgosa, una aut\u00e9ntica chiva colombiana, reconocida como patrimonio cultural por su color, tradici\u00f3n y alegr\u00eda contagiosa.<\/p>\n<p class=\"\" style=\"text-align: left;\" data-start=\"515\" data-end=\"816\">D\u00e9jate llevar por sus calles llenas de historia y encanto mientras disfrutas de una tarde c\u00e1lida, llena de aprendizaje y vistas espectaculares. Recorre c\u00f3modamente los sitios m\u00e1s emblem\u00e1ticos de la zona, revive la historia y siente el sabor caribe\u00f1o que hace de nuestra ciudad sea un destino inolvidable.<\/p>\n<p class=\"\" style=\"text-align: left;\" data-start=\"818\" data-end=\"907\"><strong data-start=\"818\" data-end=\"907\">\u00a1Sube, rel\u00e1jate y d\u00e9jate enamorar por la genuina Cartagena en cada parada del camino!<\/strong><\/p>\n<p><strong>Citaci\u00f3n<\/strong>: 2:30 pm.<\/p>\n<p><b>Hora de salida: <\/b>3:00 pm.<\/p>\n<p><b>Hora de retorno: <\/b>5:00 pm.<\/p>\n<p><b>Duraci\u00f3n: <\/b><span style=\"font-weight: 400;\">2 horas.<\/span><\/p>\n<p><span style=\"font-weight: 400;\"><strong>D\u00edas de operaci\u00f3n:<\/strong> Lunes, mi\u00e9rcoles, viernes, s\u00e1bados y domingos.<\/span><\/p>\n<p><b>Ubicaci\u00f3n: <\/b><span style=\"font-weight: 400;\">Recogida en chiva en zonas espec\u00edficas.<\/span><\/p>\n<p><b>Incluye<\/b><\/p>\n<ul>\n<li><span style=\"font-weight: 400;\">Recorrido panor\u00e1mico con rese\u00f1a hist\u00f3rica, con cuatro paradas en sitios de inter\u00e9s: Castillo San Felipe, Parque del Reloj Floral, Las Botas Viejas y Letras de \u00abCartagena\u00bb<\/span><\/li>\n<li><span style=\"font-weight: 400;\">Una botella con agua.<\/span><\/li>\n<\/ul>\n<p><b>No incluye<\/b><\/p>\n<ul>\n<li><span style=\"font-weight: 400;\">Alimentos y bebidas.<\/span><\/li>\n<li><span style=\"font-weight: 400;\">Gastos no especificados en el paquete.<\/span><\/li>\n<li><span style=\"font-weight: 400;\">Entrada a monumentos.<\/span><\/li>\n<\/ul>\n<p><span style=\"font-weight: 400;\"><b>Observaciones<\/b><\/span><\/p>\n<ul>\n<li><span style=\"font-weight: 400;\"><b> <\/b>No se permite el expendio y consumo de bebidas alcoh\u00f3licas dentro de la chiva. Pueden hacerlo fuera de la chiva, durante las paradas.<\/span><\/li>\n<li>La confirmaci\u00f3n de la reserva ser\u00e1 enviada al correo electr\u00f3nico proporcionado al momento de la compra.<\/li>\n<li>En casos de novedades o mantenimientos del vehiculo (Chiva) , el servicio se ofrecer\u00eda en \u00faltima instancia en veh\u00edculo climatizado.<\/li>\n<\/ul>\n<p><b>C\u00f3digo de vestuario: <\/b><span style=\"font-weight: 400;\">Vestuario casual.<\/span><\/p>\n","protected":false},"excerpt":{"rendered":"<p><span style=\"font-weight: 400;\">Con\u00e9ctate con la historia de Cartagena en un recorrido guiado en nuestra chiva \u201cLa Remilgosa\u201d<\/span><\/p>\n<div class=\"precios-rebajados\">\n<div class=\"tittle-rebajas\">\n<p id=\"texto-lineado\"><img decoding=\"async\" src=\"http:\/\/portofinocaribe.com\/wp-content\/uploads\/2025\/06\/adulto.webp\" alt=\"adulto-icono\" width=\"23\" \/><\/p>\n<p id=\"precio-normal\">$55.000 COP<\/p>\n<\/div>\n<div class=\"tittle-rebajas-op\">\n<p id=\"texto-lineado\"><img decoding=\"async\" src=\"http:\/\/portofinocaribe.com\/wp-content\/uploads\/2025\/06\/adulto-y-nino.webp\" alt=\"adulto-icono\" width=\"23\" \/><\/p>\n<p id=\"precio-normal\">$45.000 COP<\/p>\n<\/div>\n<\/div>\n[bookly-form category_id=\"7\" service_id=\"29\" staff_member_id=\"23\" show_number_of_persons=\"1\" hide=\"categories,services,staff_members,date,week_days,time_range\"]\n","protected":false},"featured_media":2311,"template":"","meta":[],"product_brand":[],"product_cat":[27,63,17],"product_tag":[61],"class_list":{"0":"post-6914","1":"product","2":"type-product","3":"status-publish","4":"has-post-thumbnail","6":"product_cat-actividades-terrestres-cartagena","7":"product_cat-bookly-cartagena","8":"product_cat-cartagena","9":"product_tag-bookly","11":"first","12":"instock","13":"virtual","14":"purchasable","15":"product-type-simple"},"_links":{"self":[{"href":"https:\/\/portofinocaribe.com\/index.php\/wp-json\/wp\/v2\/product\/6914","targetHints":{"allow":["GET"]}}],"collection":[{"href":"https:\/\/portofinocaribe.com\/index.php\/wp-json\/wp\/v2\/product"}],"about":[{"href":"https:\/\/portofinocaribe.com\/index.php\/wp-json\/wp\/v2\/types\/product"}],"wp:featuredmedia":[{"embeddable":true,"href":"https:\/\/portofinocaribe.com\/index.php\/wp-json\/wp\/v2\/media\/2311"}],"wp:attachment":[{"href":"https:\/\/portofinocaribe.com\/index.php\/wp-json\/wp\/v2\/media?parent=6914"}],"wp:term":[{"taxonomy":"product_brand","embeddable":true,"href":"https:\/\/portofinocaribe.com\/index.php\/wp-json\/wp\/v2\/product_brand?post=6914"},{"taxonomy":"product_cat","embeddable":true,"href":"https:\/\/portofinocaribe.com\/index.php\/wp-json\/wp\/v2\/product_cat?post=6914"},{"taxonomy":"product_tag","embeddable":true,"href":"https:\/\/portofinocaribe.com\/index.php\/wp-json\/wp\/v2\/product_tag?post=6914"}],"curies":[{"name":"wp","href":"https:\/\/api.w.org\/{rel}","templated":true}]}}