{"id":6920,"date":"2025-08-31T20:31:36","date_gmt":"2025-09-01T01:31:36","guid":{"rendered":"https:\/\/portofinocaribe.com\/?post_type=product&#038;p=6920"},"modified":"2026-02-12T10:59:03","modified_gmt":"2026-02-12T15:59:03","slug":"cartagena-magica-bookly","status":"publish","type":"product","link":"https:\/\/portofinocaribe.com\/index.php\/product\/cartagena-magica-bookly\/","title":{"rendered":"CARTAGENA M\u00c1GICA"},"content":{"rendered":"<h2><b>CARTAGENA M\u00c1GICA<\/b><\/h2>\n<p><b>\u00a1Vive Cartagena como nunca antes: en tierra firme y sobre las olas!<\/b><\/p>\n<p><span style=\"font-weight: 400;\">Prep\u00e1rate para una experiencia inolvidable con nuestro combo exclusivo que te lleva a explorar lo mejor de la Heroica por dos caminos m\u00e1gicos.<\/span><\/p>\n<p><span style=\"font-weight: 400;\">Primero, s\u00fabete a \u201cLa Remilgosa\u201d, nuestra chiva rumbera llena de color, m\u00fasica y alegr\u00eda. Recorre las encantadoras calles de Cartagena mientras te empapas de su historia, su arquitectura colonial y su vibrante energ\u00eda caribe\u00f1a.<\/span><\/p>\n<p><span style=\"font-weight: 400;\">Luego, navega en el majestuoso Bequia Eagle, un barco fiestero que navega por la bah\u00eda cartagenera. Baila, brinda y celebra al ritmo del mar con vistas espectaculares de la ciudad.<\/span><\/p>\n<p><strong>\u00a1Una doble aventura que combina cultura, fiesta y la magia \u00fanica de Cartagena!<\/strong><\/p>\n<p><span style=\"font-weight: 400;\"><strong>Citaci\u00f3n<\/strong>: 2:30 pm.<\/span><\/p>\n<p><span style=\"font-weight: 400;\"><strong>Hora de salida:<\/strong> 3:00 pm.<\/span><\/p>\n<p><span style=\"font-weight: 400;\"><strong>Hora de retorno:<\/strong> 7:30 pm.<\/span><\/p>\n<p><span style=\"font-weight: 400;\"><strong>Duraci\u00f3n:<\/strong> 4 horas 30 minutos.<\/span><\/p>\n<p><span style=\"font-weight: 400;\"><strong>D\u00edas de operaci\u00f3n:<\/strong> Lunes, mi\u00e9rcoles, viernes, s\u00e1bados y domingos.<\/span><\/p>\n<p><span style=\"font-weight: 400;\"><strong>Ubicaci\u00f3n<\/strong>: Recogida en chiva en zonas espec\u00edficas.<\/span><\/p>\n<p><strong>Incluye<\/strong><\/p>\n<ul>\n<li><span style=\"font-weight: 400;\">Recorrido panor\u00e1mico con rese\u00f1a hist\u00f3rica, con cuatro paradas en sitios de inter\u00e9s: Castillo San Felipe, Parque del Reloj Floral, Las Botas Viejas y Letras de \u00abCartagena\u00bb<\/span><\/li>\n<li style=\"font-weight: 400;\"><span style=\"font-weight: 400;\">Una botella con agua.<\/span><\/li>\n<li style=\"font-weight: 400;\"><span style=\"font-weight: 400;\">Avistamiento de la bah\u00eda de Cartagena.<\/span><\/li>\n<li style=\"font-weight: 400;\"><span style=\"font-weight: 400;\">C\u00f3ctel de bienvenida.<\/span><\/li>\n<li style=\"font-weight: 400;\"><span style=\"font-weight: 400;\">Show de baile.<\/span><\/li>\n<li style=\"font-weight: 400;\"><span style=\"font-weight: 400;\">Clases de baile.<\/span><\/li>\n<li style=\"font-weight: 400;\"><span style=\"font-weight: 400;\">Barra libre de c\u00f3cteles con licores nacionales (no cerveza)<\/span><\/li>\n<li style=\"font-weight: 400;\"><span style=\"font-weight: 400;\">Agua y gaseosa servida en vaso.<\/span><\/li>\n<li style=\"font-weight: 400;\"><span style=\"font-weight: 400;\">Bailarines, animador y Dj en vivo.<\/span><\/li>\n<li style=\"font-weight: 400;\"><span style=\"font-weight: 400;\">Acomodaci\u00f3n en mesas compartidas.<\/span><\/li>\n<\/ul>\n<p><strong>No incluye<\/strong><\/p>\n<ul>\n<li style=\"font-weight: 400;\"><span style=\"font-weight: 400;\">Alimentos.<\/span><\/li>\n<li style=\"font-weight: 400;\"><span style=\"font-weight: 400;\">Impuesto del muelle por persona de $18.000 pesos colombianos, su pago es solo en efectivo y est\u00e1 sujeto a cambios sin previo aviso.<\/span><\/li>\n<li style=\"font-weight: 400;\"><span style=\"font-weight: 400;\">Gastos no especificados en el paquete.<\/span><\/li>\n<\/ul>\n<p><span style=\"font-weight: 400;\"><strong>Observaciones<\/strong><\/span><\/p>\n<ul>\n<li><span style=\"font-weight: 400;\">\u00a0No se permite el expendio y consumo de bebidas alcoh\u00f3licas dentro de la chiva. Pueden hacerlo fuera de la chiva, durante las paradas.<\/span><\/li>\n<li>La confirmaci\u00f3n de la reserva ser\u00e1 enviada al correo electr\u00f3nico proporcionado al momento de la compra.<\/li>\n<li>En casos de novedades o mantenimientos del vehiculo (Chiva) , el servicio se ofrecer\u00eda en \u00faltima instancia en veh\u00edculo climatizado.<\/li>\n<\/ul>\n<p><span style=\"font-weight: 400;\"><strong>C\u00f3digo de vestuario:<\/strong> Vestuario casual.<\/span><\/p>\n<p><strong>Video.<\/strong><\/p>\n<div style=\"width: 748px;\" class=\"wp-video\"><!--[if lt IE 9]><script>document.createElement('video');<\/script><![endif]-->\n<video class=\"wp-video-shortcode\" id=\"video-6920-1\" width=\"748\" height=\"1330\" preload=\"metadata\" controls=\"controls\"><source type=\"video\/mp4\" src=\"http:\/\/portofinocaribe.com\/wp-content\/uploads\/2025\/08\/IMG_4466-_1_-_1_-_1_-1-1.mp4?_=1\" \/><a href=\"http:\/\/portofinocaribe.com\/wp-content\/uploads\/2025\/08\/IMG_4466-_1_-_1_-_1_-1-1.mp4\">http:\/\/portofinocaribe.com\/wp-content\/uploads\/2025\/08\/IMG_4466-_1_-_1_-_1_-1-1.mp4<\/a><\/video><\/div>\n<p>&nbsp;<\/p>\n<p>&nbsp;<\/p>\n","protected":false},"excerpt":{"rendered":"<p><span style=\"font-weight: 400;\">Explorar la m\u00e1gica Cartagena de dos maneras diferentes: terrestre y mar\u00edtima.<\/span><\/p>\n<div class=\"precios-rebajados\">\n<div class=\"tittle-rebajas\">\n<p id=\"texto-lineado\"><img decoding=\"async\" src=\"http:\/\/portofinocaribe.com\/wp-content\/uploads\/2025\/06\/adulto.webp\" alt=\"adulto-icono\" width=\"23\" \/><\/p>\n<p id=\"precio-normal\">$160.000 COP<\/p>\n<\/div>\n<div class=\"tittle-rebajas-op\">\n<p id=\"texto-lineado\"><img decoding=\"async\" src=\"http:\/\/portofinocaribe.com\/wp-content\/uploads\/2025\/06\/adulto-y-nino.webp\" alt=\"adulto-icono\" width=\"23\" \/><\/p>\n<p id=\"precio-normal\">$125.000 COP<\/p>\n<\/div>\n<\/div>\n[bookly-form category_id=\"6\" service_id=\"27\" staff_member_id=\"25\" show_number_of_persons=\"1\" hide=\"categories,services,staff_members,date,week_days,time_range\"]\n","protected":false},"featured_media":1487,"template":"","meta":[],"product_brand":[],"product_cat":[26,27,63,17],"product_tag":[61],"class_list":{"0":"post-6920","1":"product","2":"type-product","3":"status-publish","4":"has-post-thumbnail","6":"product_cat-actividades-maritimas-cartagena","7":"product_cat-actividades-terrestres-cartagena","8":"product_cat-bookly-cartagena","9":"product_cat-cartagena","10":"product_tag-bookly","12":"first","13":"instock","14":"virtual","15":"purchasable","16":"product-type-simple"},"_links":{"self":[{"href":"https:\/\/portofinocaribe.com\/index.php\/wp-json\/wp\/v2\/product\/6920","targetHints":{"allow":["GET"]}}],"collection":[{"href":"https:\/\/portofinocaribe.com\/index.php\/wp-json\/wp\/v2\/product"}],"about":[{"href":"https:\/\/portofinocaribe.com\/index.php\/wp-json\/wp\/v2\/types\/product"}],"wp:featuredmedia":[{"embeddable":true,"href":"https:\/\/portofinocaribe.com\/index.php\/wp-json\/wp\/v2\/media\/1487"}],"wp:attachment":[{"href":"https:\/\/portofinocaribe.com\/index.php\/wp-json\/wp\/v2\/media?parent=6920"}],"wp:term":[{"taxonomy":"product_brand","embeddable":true,"href":"https:\/\/portofinocaribe.com\/index.php\/wp-json\/wp\/v2\/product_brand?post=6920"},{"taxonomy":"product_cat","embeddable":true,"href":"https:\/\/portofinocaribe.com\/index.php\/wp-json\/wp\/v2\/product_cat?post=6920"},{"taxonomy":"product_tag","embeddable":true,"href":"https:\/\/portofinocaribe.com\/index.php\/wp-json\/wp\/v2\/product_tag?post=6920"}],"curies":[{"name":"wp","href":"https:\/\/api.w.org\/{rel}","templated":true}]}}