{"id":7188,"date":"2025-09-10T12:50:09","date_gmt":"2025-09-10T17:50:09","guid":{"rendered":"https:\/\/portofinocaribe.com\/?post_type=product&#038;p=7188"},"modified":"2026-04-23T16:58:20","modified_gmt":"2026-04-23T21:58:20","slug":"super-combo-2","status":"publish","type":"product","link":"https:\/\/portofinocaribe.com\/index.php\/product\/super-combo-2\/","title":{"rendered":"SUPER COMBO"},"content":{"rendered":"<h2>SUPER COMBO<\/h2>\n<p class=\"\" data-start=\"90\" data-end=\"157\"><strong data-start=\"95\" data-end=\"152\">San Andr\u00e9s: Vive, explora y siente el para\u00edso completo<\/strong><\/p>\n<p class=\"\" data-start=\"159\" data-end=\"295\">Descubre lo mejor de San Andr\u00e9s con un combo tur\u00edstico que une aventura, naturaleza, cultura y diversi\u00f3n en una experiencia inolvidable.<\/p>\n<p class=\"\" data-start=\"297\" data-end=\"703\">Navega por el mar de los siete colores hacia Acuario (Rose Cay y Haynes Cay), donde podr\u00e1s caminar entre cayos, nadar con peces tropicales entre aguas cristalinas. Contin\u00faa hacia la encantadora Johnny Cay, una isla rodeada de palmeras y arena blanca, ideal para relajarte y disfrutar del ambiente caribe\u00f1o. El orden del recorrido puede variar seg\u00fan las condiciones clim\u00e1ticas.<\/p>\n<p class=\"\" data-start=\"705\" data-end=\"1019\">Recorre por tierra los rincones m\u00e1s representativos de la isla en un tour panor\u00e1mico que incluye paradas a lugares emblem\u00e1ticos como la Cueva de Morgan, La Piscinita Natural y West View. Un paseo lleno de historia, paisajes \u00fanicos y cultura isle\u00f1a.<\/p>\n<p class=\"\" data-start=\"1021\" data-end=\"1234\">Cierra esta incre\u00edble experiencia a bordo de una embarcaci\u00f3n por la bah\u00eda interna, mientras disfrutas del mar acompa\u00f1ado de m\u00fasica caribe\u00f1a, clases de baile, animaci\u00f3n y la mejor energ\u00eda isle\u00f1a.<\/p>\n<p class=\"\" data-start=\"1236\" data-end=\"1333\"><strong>\u00a1Una combinaci\u00f3n perfecta para conocer y enamorarte de San Andr\u00e9s en todo su esplendor!\u00a0<\/strong><\/p>\n<p><b>Hora:<\/b><span style=\"font-weight: 400;\"> De acuerdo a disponibilidad de reservas.<\/span><\/p>\n<p><b>Duraci\u00f3n: <\/b><span style=\"font-weight: 400;\">2-3 d\u00edas.<\/span><\/p>\n<p><b>D\u00edas de operaci\u00f3n:<\/b> Lunes a domingos.<\/p>\n<p><b>Ubicaci\u00f3n<\/b><span style=\"font-weight: 400;\">: Marina Portofino <\/span><span style=\"font-weight: 400;\">(Avenida Newball frente al Parque de la Barracuda)<\/span><\/p>\n<p><b>Incluye:<\/b><\/p>\n<ul>\n<li><span style=\"font-weight: 400;\">Tour Acuario.<\/span><\/li>\n<li><span style=\"font-weight: 400;\">Tour Johnny Cay.<\/span><\/li>\n<li><span style=\"font-weight: 400;\">Tour Bah\u00eda.<\/span><\/li>\n<li><span style=\"font-weight: 400;\">Tour Vuelta a la Isla.<\/span><\/li>\n<li><span style=\"font-weight: 400;\">Transporte mar\u00edtimo y terrestre.<\/span><\/li>\n<\/ul>\n<p><strong>No incluye:\u00a0<\/strong><\/p>\n<ul>\n<li>Impuesto ecol\u00f3gico de ingreso a Johnny Cay $15.000 COP por pasajero, sujeto a cambios sin previo aviso.<\/li>\n<li>Tarifa de ingreso a sitios de inter\u00e9s.<\/li>\n<li>Alimentos y bebidas.<\/li>\n<li>Gastos no especificados.<\/li>\n<\/ul>\n<p><b>Observaciones<\/b><\/p>\n<ul>\n<li>Teniendo en cuenta que el Cayo Johnny Cay no cuenta con un muelle de desembarque, la Capitan\u00eda de Puerto Local, restringe el ingreso al cayo de las siguientes personas: Adultos mayores de 65 a\u00f1os de edad o con limitaciones motrices, mujeres embarazadas, personas en condici\u00f3n de discapacidad (en sillas de ruedas o que requieran ayuda especial para subir y bajar de la embarcaci\u00f3n) y ni\u00f1os menores de 2 a\u00f1os.<\/li>\n<li>Ni\u00f1os a partir de 4 a\u00f1os de edad deber\u00e1n pagar la actividad.<\/li>\n<li>Las actividades de Acuario y Johnny Cay pueden ser reemplazadas por Acuario M\u00e1gico (rose cay, haynes cay y manglares).<\/li>\n<li>La confirmaci\u00f3n de la reserva ser\u00e1 enviada al correo electr\u00f3nico proporcionado al momento de la compra.<\/li>\n<\/ul>\n<p><strong>El desarrollo del tour esta sujeto a las condiciones climatol\u00f3gicas.<\/strong><\/p>\n<p><b>C\u00f3digo de vestuario:\u00a0<\/b>Vestuario casual, traje de ba\u00f1o.<\/p>\n","protected":false},"excerpt":{"rendered":"<p>Visita los mejores sitios de la isla de San Andr\u00e9s.<\/p>\n<div class=\"precios-rebajados\">\n<div class=\"tittle-rebajas\">\n<p id=\"texto-lineado\"><img decoding=\"async\" src=\"http:\/\/portofinocaribe.com\/wp-content\/uploads\/2025\/06\/3770820_Mesa-de-trabajo-1.webp\" alt=\"etiqueta-precio\" width=\"25\" \/><\/p>\n<p id=\"precio-normal\">$170.000 COP<\/p>\n<\/div>\n<div class=\"sub-tittle-rebajas\">\n<p>PRECIO POR PERSONA<\/p>\n<\/div>\n<\/div>\n","protected":false},"featured_media":2535,"template":"","meta":[],"product_brand":[],"product_cat":[29,65,18],"product_tag":[],"class_list":{"0":"post-7188","1":"product","2":"type-product","3":"status-publish","4":"has-post-thumbnail","6":"product_cat-actividades-san-andres-isla","7":"product_cat-reservable-sanandresislas","8":"product_cat-sanandresislas","10":"first","11":"instock","12":"virtual","13":"sold-individually","14":"purchasable","15":"product-type-booking"},"_links":{"self":[{"href":"https:\/\/portofinocaribe.com\/index.php\/wp-json\/wp\/v2\/product\/7188","targetHints":{"allow":["GET"]}}],"collection":[{"href":"https:\/\/portofinocaribe.com\/index.php\/wp-json\/wp\/v2\/product"}],"about":[{"href":"https:\/\/portofinocaribe.com\/index.php\/wp-json\/wp\/v2\/types\/product"}],"wp:featuredmedia":[{"embeddable":true,"href":"https:\/\/portofinocaribe.com\/index.php\/wp-json\/wp\/v2\/media\/2535"}],"wp:attachment":[{"href":"https:\/\/portofinocaribe.com\/index.php\/wp-json\/wp\/v2\/media?parent=7188"}],"wp:term":[{"taxonomy":"product_brand","embeddable":true,"href":"https:\/\/portofinocaribe.com\/index.php\/wp-json\/wp\/v2\/product_brand?post=7188"},{"taxonomy":"product_cat","embeddable":true,"href":"https:\/\/portofinocaribe.com\/index.php\/wp-json\/wp\/v2\/product_cat?post=7188"},{"taxonomy":"product_tag","embeddable":true,"href":"https:\/\/portofinocaribe.com\/index.php\/wp-json\/wp\/v2\/product_tag?post=7188"}],"curies":[{"name":"wp","href":"https:\/\/api.w.org\/{rel}","templated":true}]}}