{"id":7943,"date":"2025-10-22T09:46:35","date_gmt":"2025-10-22T14:46:35","guid":{"rendered":"https:\/\/portofinocaribe.com\/?post_type=product&#038;p=7943"},"modified":"2026-01-28T16:15:29","modified_gmt":"2026-01-28T21:15:29","slug":"cartagena-magica-nocturna","status":"publish","type":"product","link":"https:\/\/portofinocaribe.com\/index.php\/product\/cartagena-magica-nocturna\/","title":{"rendered":"CARTAGENA M\u00c1GICA RUMBERA"},"content":{"rendered":"<h2><strong>CARTAGENA M\u00c1GICA RUMBERA<\/strong><\/h2>\n<p><strong>\u00a1Descubre la magia de Cartagena!<\/strong><\/p>\n<p>Con nuestro Combo Cartagena M\u00e1gica Rumbera, disfrutar\u00e1s de dos experiencias incre\u00edbles. Primero, navega por la Bah\u00eda de Cartagena y marav\u00edllate con las vistas de la ciudad iluminada mientras sientes la brisa del mar. Luego, sube a la Chiva Rumbera para una fiesta llena de m\u00fasica y baile, rodeado de pura alegr\u00eda.<\/p>\n<p><strong>\u00a1No te pierdas de una noche \u00fanica en Cartagena!<\/strong><\/p>\n<p><strong>Citaci\u00f3n<\/strong>: 04:40 pm.<\/p>\n<p><strong>Hora de salida:<\/strong> 05:30 pm.<\/p>\n<p><strong>Hora de retorno:<\/strong> 09:00 pm.<\/p>\n<p><strong>Duraci\u00f3n:<\/strong> 4 horas aproximadamente.<\/p>\n<p><strong>D\u00edas de operaci\u00f3n:<\/strong> Lunes a domingos.<\/p>\n<p><strong>Ubicaci\u00f3n<\/strong>: Muelle de La Bodeguita, puerta #4<\/p>\n<p><strong>Incluye<\/strong><\/p>\n<ul>\n<li>Recorrido rumbero en barco<\/li>\n<li>C\u00f3ctel de bienvenida<\/li>\n<li>Show de baile, DJ y animador<\/li>\n<li>Barra libre con c\u00f3cteles a base de licores nacionales<\/li>\n<li>Recorrido rumbero en chiva con pista de baile y visitas a lugares emblem\u00e1ticos como el Castillo San Felipe, Las Botas Viejas y el Monumento a Cartagena \u00abLetras\u00bb<\/li>\n<li>Retorno a puntos autorizados<\/li>\n<\/ul>\n<p><strong>No incluye<\/strong><\/p>\n<ul>\n<li>Alimentos<\/li>\n<li>Impuesto del muelle por persona de $18.000 pesos colombianos, su pago es solo en efectivo y est\u00e1 sujeto a cambios sin previo aviso<\/li>\n<li>Gastos no especificados en el paquete<\/li>\n<\/ul>\n<p><strong>Observaciones<\/strong><\/p>\n<ul>\n<li>\u00a0No se permite el expendio y consumo de bebidas alcoh\u00f3licas dentro de la chiva. Pueden hacerlo fuera de la chiva, durante las paradas.<\/li>\n<li>La confirmaci\u00f3n de la reserva ser\u00e1 enviada al correo electr\u00f3nico proporcionado al momento de la compra.<\/li>\n<\/ul>\n<p><strong>C\u00f3digo de vestuario:<\/strong> Vestuario casual.<\/p>\n","protected":false},"excerpt":{"rendered":"<p>Descubre la magia nocturna de Cartagena de Indias<\/p>\n<div class=\"precios-rebajados\">\n<div class=\"tittle-rebajas\">\n<p id=\"texto-lineado\"><img decoding=\"async\" src=\"http:\/\/portofinocaribe.com\/wp-content\/uploads\/2025\/06\/adulto.webp\" alt=\"adulto-icono\" width=\"23\" \/><\/p>\n<p id=\"precio-normal\">$160.000 COP<\/p>\n<\/div>\n<div class=\"tittle-rebajas-op\">\n<p id=\"texto-lineado\"><img decoding=\"async\" src=\"http:\/\/portofinocaribe.com\/wp-content\/uploads\/2025\/06\/adulto-y-nino.webp\" alt=\"adulto-icono\" width=\"23\" \/><\/p>\n<p id=\"precio-normal\">$125.000 COP<\/p>\n<\/div>\n<\/div>\n[bookly-form category_id=\"6\" service_id=\"40\" show_number_of_persons=\"1\" hide=\"categories,services,staff_members,date,week_days,time_range\"]\n","protected":false},"featured_media":2809,"template":"","meta":[],"product_brand":[],"product_cat":[26,27,63,17],"product_tag":[61],"class_list":{"0":"post-7943","1":"product","2":"type-product","3":"status-publish","4":"has-post-thumbnail","6":"product_cat-actividades-maritimas-cartagena","7":"product_cat-actividades-terrestres-cartagena","8":"product_cat-bookly-cartagena","9":"product_cat-cartagena","10":"product_tag-bookly","11":"tour_category-actividades-maritimas-cartagena","12":"tour_category-actividades-terrestres-cartagena","13":"tour_category-tours","15":"first","16":"instock","17":"virtual","18":"taxable","19":"purchasable","20":"product-type-simple"},"_links":{"self":[{"href":"https:\/\/portofinocaribe.com\/index.php\/wp-json\/wp\/v2\/product\/7943","targetHints":{"allow":["GET"]}}],"collection":[{"href":"https:\/\/portofinocaribe.com\/index.php\/wp-json\/wp\/v2\/product"}],"about":[{"href":"https:\/\/portofinocaribe.com\/index.php\/wp-json\/wp\/v2\/types\/product"}],"wp:featuredmedia":[{"embeddable":true,"href":"https:\/\/portofinocaribe.com\/index.php\/wp-json\/wp\/v2\/media\/2809"}],"wp:attachment":[{"href":"https:\/\/portofinocaribe.com\/index.php\/wp-json\/wp\/v2\/media?parent=7943"}],"wp:term":[{"taxonomy":"product_brand","embeddable":true,"href":"https:\/\/portofinocaribe.com\/index.php\/wp-json\/wp\/v2\/product_brand?post=7943"},{"taxonomy":"product_cat","embeddable":true,"href":"https:\/\/portofinocaribe.com\/index.php\/wp-json\/wp\/v2\/product_cat?post=7943"},{"taxonomy":"product_tag","embeddable":true,"href":"https:\/\/portofinocaribe.com\/index.php\/wp-json\/wp\/v2\/product_tag?post=7943"}],"curies":[{"name":"wp","href":"https:\/\/api.w.org\/{rel}","templated":true}]}}