{"id":8698,"date":"2026-01-14T13:20:14","date_gmt":"2026-01-14T18:20:14","guid":{"rendered":"https:\/\/portofinocaribe.com\/?post_type=product&#038;p=8698"},"modified":"2026-01-24T12:40:48","modified_gmt":"2026-01-24T17:40:48","slug":"barco-aqua-caribe","status":"publish","type":"product","link":"https:\/\/portofinocaribe.com\/index.php\/product\/barco-aqua-caribe\/","title":{"rendered":"BARCO AQUA CARIBE"},"content":{"rendered":"<h2 data-path-to-node=\"3\"><b data-path-to-node=\"3\" data-index-in-node=\"0\">Aqua Caribe: Tu evento privado a otro nivel<\/b><\/h2>\n<p data-path-to-node=\"4\">Lleva tu celebraci\u00f3n al siguiente nivel a bordo de la embarcaci\u00f3n m\u00e1s imponente de Cartagena. Ya sea una boda de ensue\u00f1o, un lanzamiento corporativo o una gran fiesta privada, el Aqua Caribe ofrece el escenario perfecto para impresionar a tus invitados. Disfruta de la exclusividad de navegar con total confort, servicio de primera y las mejores vistas del mar Caribe.<\/p>\n<p data-path-to-node=\"3\"><b data-path-to-node=\"3\" data-index-in-node=\"0\">Caracter\u00edsticas del Barco:<\/b><\/p>\n<p data-path-to-node=\"4,0,1\"><span data-path-to-node=\"4,0,1,0\"><b data-path-to-node=\"4,0,1,0\" data-index-in-node=\"0\"><span class=\"citation-125\">Capacidad:<\/span><\/b><span class=\"citation-125\"> 320 pasajeros<\/span><\/span><span data-path-to-node=\"4,0,1,2\">.<\/span><\/p>\n<p data-path-to-node=\"4,1,1\"><span data-path-to-node=\"4,1,1,0\"><b data-path-to-node=\"4,1,1,0\" data-index-in-node=\"0\"><span class=\"citation-124\">Dimensiones:<\/span><\/b><span class=\"citation-124\"> 33.80 metros de largo (eslora) y 10.36 metros de ancho<\/span><\/span><span data-path-to-node=\"4,1,1,2\">.<\/span><\/p>\n<p data-path-to-node=\"4,2,1\"><span data-path-to-node=\"4,2,1,0\"><b data-path-to-node=\"4,2,1,0\" data-index-in-node=\"0\"><span class=\"citation-123\">Ambientes:<\/span><\/b><span class=\"citation-123\"> 2 niveles (sal\u00f3n cerrado con aire acondicionado y segunda cubierta panor\u00e1mica al aire libre)<\/span><\/span><\/p>\n<p data-path-to-node=\"4,3,1\"><span data-path-to-node=\"4,3,1,0\"><b data-path-to-node=\"4,3,1,0\" data-index-in-node=\"0\"><span class=\"citation-122\">Log\u00edstica de bebidas:<\/span><\/b><span class=\"citation-122\"> 3 barras de bar estrat\u00e9gicamente distribuidas.<\/span><\/span><\/p>\n<p data-path-to-node=\"4,4,1\"><span data-path-to-node=\"4,4,1,0\"><b data-path-to-node=\"4,4,1,0\" data-index-in-node=\"0\"><span class=\"citation-121\">Catering:<\/span><\/b><span class=\"citation-121\"> Cocina completa y refrigerador a bordo<\/span><\/span><span data-path-to-node=\"4,4,1,2\">.<\/span><\/p>\n<p data-path-to-node=\"4,5,1\"><span data-path-to-node=\"4,5,1,0\"><b data-path-to-node=\"4,5,1,0\" data-index-in-node=\"0\"><span class=\"citation-120\">Ba\u00f1os:<\/span><\/b><span class=\"citation-120\"> 4 bater\u00edas sanitarias separadas para damas y caballeros.<\/span><\/span><\/p>\n<p data-path-to-node=\"4,5,1\"><strong>Observaci\u00f3n importante: <\/strong><strong>Tu cotizaci\u00f3n llegar\u00e1 al correo proporcionado, aseg\u00farate de este sea funcional.\u00a0<\/strong><\/p>\n<p><strong>Haz tus momentos m\u00e1gicos \u00a1no esperes m\u00e1s y cotiza tu fecha ideal!<\/strong><\/p>\n<div style=\"width: 748px;\" class=\"wp-video\"><!--[if lt IE 9]><script>document.createElement('video');<\/script><![endif]-->\n<video class=\"wp-video-shortcode\" id=\"video-8698-1\" width=\"748\" height=\"421\" preload=\"metadata\" controls=\"controls\"><source type=\"video\/mp4\" src=\"http:\/\/portofinocaribe.com\/wp-content\/uploads\/2026\/01\/IMG_3630-_1_-1-1.mp4?_=1\" \/><a href=\"http:\/\/portofinocaribe.com\/wp-content\/uploads\/2026\/01\/IMG_3630-_1_-1-1.mp4\">http:\/\/portofinocaribe.com\/wp-content\/uploads\/2026\/01\/IMG_3630-_1_-1-1.mp4<\/a><\/video><\/div>\n<p>&nbsp;<\/p>\n","protected":false},"excerpt":{"rendered":"<p data-path-to-node=\"11\">\u00a1Est\u00e1s a un paso de vivir una experiencia inolvidable! Como cada evento es \u00fanico, necesitamos que nos des algunos detalles para armar tu plan perfecto.<\/p>\n<p data-path-to-node=\"12\"><b data-path-to-node=\"12\" data-index-in-node=\"0\">\u00bfC\u00f3mo solicitar tu cotizaci\u00f3n?<\/b><\/p>\n<p><strong>1)<\/strong>Selecciona la cantidad de invitados<b data-path-to-node=\"12\" data-index-in-node=\"0\"><br \/>\n<\/b><strong>2)<\/strong>Selecciona en el calendario la fecha y hora de inicio.<br \/>\n<strong>3) <\/strong>En el campo de \u00abNotas adicionales para la reserva\u00bb del formulario, por favor ind\u00edcanos:<\/p>\n<ul data-path-to-node=\"13\">\n<li>\n<p data-path-to-node=\"13,0,0\">\u00bfA qu\u00e9 hora deseas terminar tu evento?<\/p>\n<\/li>\n<li>\n<p data-path-to-node=\"13,1,0\">\u00bfNecesitas decoraci\u00f3n especial? (Especifica exactamente qu\u00e9 necesitas)<\/p>\n<\/li>\n<li>\n<p data-path-to-node=\"13,2,0\">\u00bfNecesitas servicios de comida y\/o bebidas? (Si es as\u00ed, por favor ind\u00edcanos qu\u00e9 deseas y las cantidades)<\/p>\n<p>Si hay alg\u00fan detalle adicional, tambi\u00e9n puedes escribirlo.<\/li>\n<\/ul>\n<p data-path-to-node=\"14\"><i data-path-to-node=\"14\" data-index-in-node=\"0\">El sistema registrar\u00e1 tu solicitud con valor $0. Nuestro equipo te contactar\u00e1 en breve con el precio final ajustado a tus necesidades.<\/i><\/p>\n[bookly-form category_id=\"6\" service_id=\"49\" staff_member_id=\"49\" show_number_of_persons=\"1\" hide=\"categories,services,staff_members,date,week_days,time_range\"]\n","protected":false},"featured_media":8723,"template":"","meta":[],"product_brand":[],"product_cat":[26,63,17],"product_tag":[61],"class_list":{"0":"post-8698","1":"product","2":"type-product","3":"status-publish","4":"has-post-thumbnail","6":"product_cat-actividades-maritimas-cartagena","7":"product_cat-bookly-cartagena","8":"product_cat-cartagena","9":"product_tag-bookly","10":"tour_category-actividades-maritimas-cartagena","11":"tour_category-tours","13":"first","14":"instock","15":"virtual","16":"purchasable","17":"product-type-simple"},"_links":{"self":[{"href":"https:\/\/portofinocaribe.com\/index.php\/wp-json\/wp\/v2\/product\/8698","targetHints":{"allow":["GET"]}}],"collection":[{"href":"https:\/\/portofinocaribe.com\/index.php\/wp-json\/wp\/v2\/product"}],"about":[{"href":"https:\/\/portofinocaribe.com\/index.php\/wp-json\/wp\/v2\/types\/product"}],"wp:featuredmedia":[{"embeddable":true,"href":"https:\/\/portofinocaribe.com\/index.php\/wp-json\/wp\/v2\/media\/8723"}],"wp:attachment":[{"href":"https:\/\/portofinocaribe.com\/index.php\/wp-json\/wp\/v2\/media?parent=8698"}],"wp:term":[{"taxonomy":"product_brand","embeddable":true,"href":"https:\/\/portofinocaribe.com\/index.php\/wp-json\/wp\/v2\/product_brand?post=8698"},{"taxonomy":"product_cat","embeddable":true,"href":"https:\/\/portofinocaribe.com\/index.php\/wp-json\/wp\/v2\/product_cat?post=8698"},{"taxonomy":"product_tag","embeddable":true,"href":"https:\/\/portofinocaribe.com\/index.php\/wp-json\/wp\/v2\/product_tag?post=8698"}],"curies":[{"name":"wp","href":"https:\/\/api.w.org\/{rel}","templated":true}]}}