{"id":8832,"date":"2026-01-16T09:40:53","date_gmt":"2026-01-16T14:40:53","guid":{"rendered":"https:\/\/portofinocaribe.com\/?post_type=product&#038;p=8832"},"modified":"2026-01-16T11:31:56","modified_gmt":"2026-01-16T16:31:56","slug":"transfer-in-out-en-bus","status":"publish","type":"product","link":"https:\/\/portofinocaribe.com\/index.php\/product\/transfer-in-out-en-bus\/","title":{"rendered":"TRANSFER IN\/OUT EN BUS"},"content":{"rendered":"<p data-path-to-node=\"4\">Simplifica la log\u00edstica de tu grupo con nuestro servicio premium. Olv\u00eddate de coordinar m\u00faltiples veh\u00edculos. Te ofrecemos la soluci\u00f3n perfecta para mover a grandes grupos, familias numerosas o equipos corporativos, garantizando que todos viajen juntos, seguros y con el m\u00e1ximo confort desde el primer kil\u00f3metro.<\/p>\n<p data-path-to-node=\"5\"><b data-path-to-node=\"5\" data-index-in-node=\"0\">Detalles del servicio:<\/b><\/p>\n<ul>\n<li>Horario de servicio: Operamos exclusivamente en jornada diurna, cubriendo llegadas y salidas programadas entre las <strong>06:00 am. y las 08:00 pm.<\/strong><b data-path-to-node=\"5\" data-index-in-node=\"0\"><br \/>\n<\/b><\/li>\n<li data-path-to-node=\"6,0,0\">Capacidad: Espacio amplio para hasta 25 pasajeros, permitiendo que cada persona disfrute de su propio espacio sin sacrificar comodidad.<\/li>\n<li data-path-to-node=\"6,1,0\">Veh\u00edculo: Bus robusto y moderno con aire acondicionado dise\u00f1ado\u00a0para mantener la frescura ideal incluso en los d\u00edas m\u00e1s c\u00e1lidos del Caribe, ya sea en traslados desde o hacia el aeropuerto o rutas largas hacia Barranquilla y Santa Marta.<\/li>\n<\/ul>\n<p><b data-path-to-node=\"7\" data-index-in-node=\"0\">IMPORTANTE &#8211; REQUISITOS PARA RESERVAR:<\/b><\/p>\n<p>Para poder coordinar tu recogida sin contratiempos, es obligatorio que al finalizar tu compra, en la casilla de \u00abNotas del pedido\u00bb, nos facilites la siguiente informaci\u00f3n completa:<\/p>\n<ul>\n<li>Fecha exacta del servicio<\/li>\n<li>N\u00famero de vuelo<\/li>\n<li>Hora de llegada o salida del vuelo.<\/li>\n<li>Nombre del hotel o direcci\u00f3n exacta de destino\/recogida.<\/li>\n<li>Cantidad y tipo de maleta.<b data-path-to-node=\"8,3,0\" data-index-in-node=\"0\"><\/b><\/li>\n<\/ul>\n<p data-path-to-node=\"9\"><strong>Sin estos datos no podremos programar tu traslado. Tu puntualidad y confort son nuestra prioridad.<\/strong><\/p>\n<p><strong>OBSERVACI\u00d3N:<\/strong><\/p>\n<p><b data-path-to-node=\"6,3,0\" data-index-in-node=\"0\">Tiempos de recogida (salidas): <\/b>Para\u00a0garantizar tu llegada a tiempo al aeropuerto, te recogeremos con 2 horas de anticipaci\u00f3n para vuelos nacionales y 3 horas para internacionales.<strong><br \/>\n<i data-path-to-node=\"9\" data-index-in-node=\"0\"><br \/>\n<\/i><\/strong><\/p>\n<p class=\"_28USrA _2ENCSQ XN6uKA\"><strong><span class=\"a_GcMg\">POL\u00cdTICA DE CANCELACI\u00d3N<\/span><\/strong><\/p>\n<p class=\"_28USrA _2ENCSQ XN6uKA\"><span class=\"a_GcMg\">La reprogramaci\u00f3n o cancelaci\u00f3n se realiza sin penalidad alguna siempre y cuando esta sea notificada al menos 2 d\u00edas calendario antes de la fecha del servicio.<br \/>\n<\/span><span class=\"a_GcMg\">En caso de cambio, p\u00e9rdida o retrasos en el vuelo, el pasajero debe comunicarse de manera inmediata para reprogramar, al no ser notificado con anticipaci\u00f3n se generar\u00eda cobro de <strong>NO SHOW<\/strong> y para reprogramaci\u00f3n deber\u00e1n pagar penalidad del 20% del valor del servicio.<\/span><\/p>\n<p class=\"_28USrA _2ENCSQ XN6uKA\"><strong><span class=\"a_GcMg\">NO SHOW<\/span><\/strong><\/p>\n<p class=\"_28USrA _2ENCSQ XN6uKA\"><span class=\"a_GcMg\">En caso de que el pasajero no se presente sin previo aviso el d\u00eda del servicio; la reprogramaci\u00f3n tendr\u00e1 penalidad del 20 % del valor del servicio.<\/span><\/p>\n","protected":false},"excerpt":{"rendered":"<p>Servicio de transfer IN\/OUT en bus climatizado (leer la descripci\u00f3n antes de reservar)<\/p>\n","protected":false},"featured_media":8849,"template":"","meta":[],"product_brand":[],"product_cat":[17],"product_tag":[],"class_list":{"0":"post-8832","1":"product","2":"type-product","3":"status-publish","4":"has-post-thumbnail","6":"product_cat-cartagena","8":"first","9":"instock","10":"taxable","11":"shipping-taxable","12":"purchasable","13":"product-type-variable"},"_links":{"self":[{"href":"https:\/\/portofinocaribe.com\/index.php\/wp-json\/wp\/v2\/product\/8832","targetHints":{"allow":["GET"]}}],"collection":[{"href":"https:\/\/portofinocaribe.com\/index.php\/wp-json\/wp\/v2\/product"}],"about":[{"href":"https:\/\/portofinocaribe.com\/index.php\/wp-json\/wp\/v2\/types\/product"}],"wp:featuredmedia":[{"embeddable":true,"href":"https:\/\/portofinocaribe.com\/index.php\/wp-json\/wp\/v2\/media\/8849"}],"wp:attachment":[{"href":"https:\/\/portofinocaribe.com\/index.php\/wp-json\/wp\/v2\/media?parent=8832"}],"wp:term":[{"taxonomy":"product_brand","embeddable":true,"href":"https:\/\/portofinocaribe.com\/index.php\/wp-json\/wp\/v2\/product_brand?post=8832"},{"taxonomy":"product_cat","embeddable":true,"href":"https:\/\/portofinocaribe.com\/index.php\/wp-json\/wp\/v2\/product_cat?post=8832"},{"taxonomy":"product_tag","embeddable":true,"href":"https:\/\/portofinocaribe.com\/index.php\/wp-json\/wp\/v2\/product_tag?post=8832"}],"curies":[{"name":"wp","href":"https:\/\/api.w.org\/{rel}","templated":true}]}}