{"id":9402,"date":"2026-03-12T12:44:03","date_gmt":"2026-03-12T17:44:03","guid":{"rendered":"https:\/\/portofinocaribe.com\/?post_type=product&#038;p=9402"},"modified":"2026-03-12T13:49:48","modified_gmt":"2026-03-12T18:49:48","slug":"tour-caribbean-party","status":"publish","type":"product","link":"https:\/\/portofinocaribe.com\/index.php\/product\/tour-caribbean-party\/","title":{"rendered":"TOUR CARIBBEAN PARTY"},"content":{"rendered":"<p><strong>CARIBBEAN PARTY<\/strong><\/p>\n<p><strong>\u00a1La mejor rumba en la bah\u00eda de San Andr\u00e9s Isla!<\/strong><\/p>\n<p>Vive una noche m\u00e1gica en el mar de los 7 colores, navegando por la bah\u00eda mientras disfrutas de m\u00fasica, fiesta y el ambiente \u00fanico del Caribe. Una experiencia perfecta para quienes quieren bailar, divertirse y disfrutar la noche en el mar.<\/p>\n<p><strong>Citaci\u00f3n:<\/strong> 9:30 pm.<br \/>\n<strong>Hora de salida:<\/strong> 10:00 pm.<br \/>\n<strong>Hora de regreso:<\/strong> 01:00 am.<br \/>\n<strong>D\u00edas de operaci\u00f3n:<\/strong> martes y domingos<\/p>\n<p><strong>Ubicaci\u00f3n<\/strong>:\u00a0Marina Portofino (Avenida Newball frente al Parque de la Barracuda)<\/p>\n<p><strong>Incluye<\/strong><\/p>\n<ul>\n<li>Barra libre de licores nacionales (no incluye cerveza).<\/li>\n<li>DJ en vivo con la mejor m\u00fasica para bailar toda la noche.<\/li>\n<li>Paseo nocturno de 3 horas por la bah\u00eda de la isla.<\/li>\n<\/ul>\n<p><strong>Observaciones<\/strong><\/p>\n<ul>\n<li><strong>No est\u00e1 permitido el ingreso a menores de edad (-18)<\/strong><\/li>\n<li>La confirmaci\u00f3n de la reserva ser\u00e1 enviada al correo electr\u00f3nico proporcionado al momento de la compra.<\/li>\n<\/ul>\n<p><strong>Video.<\/strong><\/p>\n<div style=\"width: 480px;\" class=\"wp-video\"><!--[if lt IE 9]><script>document.createElement('video');<\/script><![endif]-->\n<video class=\"wp-video-shortcode\" id=\"video-9402-1\" width=\"480\" height=\"848\" preload=\"metadata\" controls=\"controls\"><source type=\"video\/mp4\" src=\"http:\/\/portofinocaribe.com\/wp-content\/uploads\/2026\/03\/WhatsApp-Video-2026-03-12-at-10.56.42-AM.mp4?_=1\" \/><a href=\"http:\/\/portofinocaribe.com\/wp-content\/uploads\/2026\/03\/WhatsApp-Video-2026-03-12-at-10.56.42-AM.mp4\">http:\/\/portofinocaribe.com\/wp-content\/uploads\/2026\/03\/WhatsApp-Video-2026-03-12-at-10.56.42-AM.mp4<\/a><\/video><\/div>\n<p>&nbsp;<\/p>\n","protected":false},"excerpt":{"rendered":"<p><span style=\"font-weight: 400;\">Disfruta de la mejor rumba flotante de San Andr\u00e9s.<\/span><\/p>\n<div class=\"tittle-rebajas\">\n<p id=\"texto-lineado\"><img decoding=\"async\" src=\"http:\/\/portofinocaribe.com\/wp-content\/uploads\/2025\/06\/3770820_Mesa-de-trabajo-1.webp\" alt=\"etiqueta-precio\" width=\"25\" \/><\/p>\n<p id=\"precio-normal\">$100.000 COP<\/p>\n<\/div>\n<div class=\"sub-tittle-rebajas\">\n<p>PRECIO POR PERSONA<\/p>\n<\/div>\n[bookly-form category_id=\"1\" service_id=\"57\" staff_member_id=\"56\" show_number_of_persons=\"1\" hide=\"categories,services,staff_members,date,week_days,time_range\"]\n","protected":false},"featured_media":9408,"template":"","meta":[],"product_brand":[],"product_cat":[29,62,18],"product_tag":[61],"class_list":{"0":"post-9402","1":"product","2":"type-product","3":"status-publish","4":"has-post-thumbnail","6":"product_cat-actividades-san-andres-isla","7":"product_cat-bookly-san-andres","8":"product_cat-sanandresislas","9":"product_tag-bookly","10":"tour_category-mar-san-andres-isla","11":"tour_category-tours-san-andres-complete","13":"first","14":"instock","15":"taxable","16":"shipping-taxable","17":"purchasable","18":"product-type-simple"},"_links":{"self":[{"href":"https:\/\/portofinocaribe.com\/index.php\/wp-json\/wp\/v2\/product\/9402","targetHints":{"allow":["GET"]}}],"collection":[{"href":"https:\/\/portofinocaribe.com\/index.php\/wp-json\/wp\/v2\/product"}],"about":[{"href":"https:\/\/portofinocaribe.com\/index.php\/wp-json\/wp\/v2\/types\/product"}],"wp:featuredmedia":[{"embeddable":true,"href":"https:\/\/portofinocaribe.com\/index.php\/wp-json\/wp\/v2\/media\/9408"}],"wp:attachment":[{"href":"https:\/\/portofinocaribe.com\/index.php\/wp-json\/wp\/v2\/media?parent=9402"}],"wp:term":[{"taxonomy":"product_brand","embeddable":true,"href":"https:\/\/portofinocaribe.com\/index.php\/wp-json\/wp\/v2\/product_brand?post=9402"},{"taxonomy":"product_cat","embeddable":true,"href":"https:\/\/portofinocaribe.com\/index.php\/wp-json\/wp\/v2\/product_cat?post=9402"},{"taxonomy":"product_tag","embeddable":true,"href":"https:\/\/portofinocaribe.com\/index.php\/wp-json\/wp\/v2\/product_tag?post=9402"}],"curies":[{"name":"wp","href":"https:\/\/api.w.org\/{rel}","templated":true}]}}